{"id":5272,"date":"2023-08-18T14:48:29","date_gmt":"2023-08-18T12:48:29","guid":{"rendered":"https:\/\/art-mu.fr\/?page_id=5272"},"modified":"2024-10-04T11:10:41","modified_gmt":"2024-10-04T09:10:41","slug":"atelier-dirige-de-dessin-de-nu","status":"publish","type":"page","link":"https:\/\/art-mu.fr\/?page_id=5272","title":{"rendered":"Atelier \u00e0 th\u00e8me de dessin de nu (ou pas&#8230;)"},"content":{"rendered":"\n<p><em>(attention derni\u00e8res s\u00e9ances en octobre et novembre 2024)<\/em><\/p>\n\n\n\n<figure class=\"wp-block-gallery has-nested-images columns-default is-cropped wp-block-gallery-1 is-layout-flex wp-block-gallery-is-layout-flex\">\n<figure class=\"wp-block-image size-large\"><img fetchpriority=\"high\" decoding=\"async\" width=\"574\" height=\"790\" data-id=\"5275\" src=\"https:\/\/art-mu.fr\/wp-content\/uploads\/2023\/08\/2021_11_dessin_Laea.jpg\" alt=\"\" class=\"wp-image-5275\" srcset=\"https:\/\/art-mu.fr\/wp-content\/uploads\/2023\/08\/2021_11_dessin_Laea.jpg 574w, https:\/\/art-mu.fr\/wp-content\/uploads\/2023\/08\/2021_11_dessin_Laea-218x300.jpg 218w\" sizes=\"(max-width: 574px) 100vw, 574px\" \/><\/figure>\n<\/figure>\n\n\n\n<p>Pour celles et ceux qui ne sont pas libre le lundi soir et\/ou qui souhaitent travailler avec quelques orientations particuli\u00e8res, cet atelier \u00e0 th\u00e8me <em>(nomm\u00e9 atelier dirig\u00e9 en 2023-24 mais cela laissait penser qu&rsquo;il \u00e9tait plus encadr\u00e9 qu&rsquo;il ne l&rsquo;est r\u00e9ellement)<\/em>, qui n&rsquo;est pas un cours, permet de travailler le dessin de nu (parfois pas&#8230;), avec pr\u00e9sence de mod\u00e8les <em>(masculins ou f\u00e9minins)<\/em> de tous \u00e2ges et corpulences.<\/p>\n\n\n\n<p>A chaque s\u00e9ance un  th\u00e8me de travail est propos\u00e9, sans obligation, mais les moyens sont mis en oeuvre pour pouvoir travailler ce th\u00e8me (\u00e9clairages, dur\u00e9e des poses, disposition de la salle&#8230;). <\/p>\n\n\n\n<p>Exemples de th\u00e8mes de travail : g\u00e9rer sans panique les poses courtes, direction du mod\u00e8le (choix des poses),  cadrage,  travail particulier sur ombres et lumi\u00e8res, travail de d\u00e9tails du corps, comment continuer un dessin sans le mod\u00e8le, valoriser ses esquisses, techniques de lacher-prise, poses en duo vrai ou reconstitu\u00e9 \u00e0 partir de poses successives etc&#8230;).<\/p>\n\n\n\n<p>Voir des <a href=\"https:\/\/art-mu.fr\/?page_id=5483\" data-type=\"page\" data-id=\"5483\">exemples de r\u00e9alisation de la s\u00e9ance du 31 janvier 2024<\/a><\/p>\n\n\n\n<p>Voir les <a href=\"https:\/\/art-mu.fr\/?page_id=5923\" data-type=\"page\" data-id=\"5923\">r\u00e9alisations d&rsquo;une participante \u00e0 la s\u00e9ance tr\u00e8s particuli\u00e8re du 2 octobre 2024<\/a><\/p>\n\n\n\n<p>Les participants \u00e0 cet atelier sont naturellement invit\u00e9s \u00e0 participer, avec ceux des <a href=\"https:\/\/art-mu.fr\/?page_id=72\" data-type=\"page\" data-id=\"72\">ateliers libres de mod\u00e8le vivant<\/a>, aux deux <a href=\"https:\/\/art-mu.fr\/?page_id=79\" data-type=\"page\" data-id=\"79\">marathons du nu<\/a> qui sont organis\u00e9s en sus de ces ateliers afin de ponctuer l&rsquo;ann\u00e9e de deux \u00e9v\u00e8nements plus cons\u00e9quents. <\/p>\n\n\n\n<p><strong>Et si vous souhaitez poser : n&rsquo;h\u00e9sitez pas \u00e0 nous contacter<\/strong><\/p>\n\n\n\n<p><strong>Dates<\/strong> : voir le <a href=\"https:\/\/art-mu.fr\/?page_id=66\" data-type=\"page\" data-id=\"66\">calendrier<\/a> (deux derni\u00e8res s\u00e9ances en octobre 2024 et en novembre 2024)<\/p>\n\n\n\n<p><strong>Horaires<\/strong> : 14h30-17h30<\/p>\n\n\n\n<p><strong>Lieu <\/strong>: \u00e0 l&rsquo;atelier<\/p>\n\n\n\n<p><strong>Prix<\/strong> : s\u00e9ances gratuite pour celles d&rsquo;octobre et novembre 2024. L&rsquo;inscription \u00e0 l&rsquo;association n&rsquo;est requise qu&rsquo;\u00e0 compter de la seconde s\u00e9ance d&rsquo;atelier Art&rsquo;Mu.<\/p>\n\n\n\n<p><strong>Contact<\/strong> : Jean-Luc au 06 81 52 81 49<\/p>\n\n\n\n<div class=\"wp-block-buttons is-content-justification-center is-layout-flex wp-container-core-buttons-is-layout-a89b3969 wp-block-buttons-is-layout-flex\">\n<div class=\"wp-block-button\"><a class=\"wp-block-button__link has-text-align-center wp-element-button\" href=\"https:\/\/art-mu.fr\/?page_id=5272\">Retour au haut de la page<\/a><\/div>\n<\/div>\n","protected":false},"excerpt":{"rendered":"<p>(attention derni\u00e8res s\u00e9ances en octobre et novembre 2024) Pour celles et ceux qui ne sont pas libre le lundi soir et\/ou qui souhaitent travailler avec quelques orientations particuli\u00e8res, cet atelier \u00e0 th\u00e8me (nomm\u00e9 atelier dirig\u00e9 en 2023-24 mais cela laissait penser qu&rsquo;il \u00e9tait plus encadr\u00e9 qu&rsquo;il ne l&rsquo;est r\u00e9ellement), qui n&rsquo;est pas un cours, permet [&hellip;]<\/p>\n","protected":false},"author":3,"featured_media":0,"parent":25,"menu_order":3,"comment_status":"closed","ping_status":"closed","template":"","meta":{"footnotes":""},"class_list":["post-5272","page","type-page","status-publish","hentry"],"_links":{"self":[{"href":"https:\/\/art-mu.fr\/index.php?rest_route=\/wp\/v2\/pages\/5272","targetHints":{"allow":["GET"]}}],"collection":[{"href":"https:\/\/art-mu.fr\/index.php?rest_route=\/wp\/v2\/pages"}],"about":[{"href":"https:\/\/art-mu.fr\/index.php?rest_route=\/wp\/v2\/types\/page"}],"author":[{"embeddable":true,"href":"https:\/\/art-mu.fr\/index.php?rest_route=\/wp\/v2\/users\/3"}],"replies":[{"embeddable":true,"href":"https:\/\/art-mu.fr\/index.php?rest_route=%2Fwp%2Fv2%2Fcomments&post=5272"}],"version-history":[{"count":14,"href":"https:\/\/art-mu.fr\/index.php?rest_route=\/wp\/v2\/pages\/5272\/revisions"}],"predecessor-version":[{"id":5941,"href":"https:\/\/art-mu.fr\/index.php?rest_route=\/wp\/v2\/pages\/5272\/revisions\/5941"}],"up":[{"embeddable":true,"href":"https:\/\/art-mu.fr\/index.php?rest_route=\/wp\/v2\/pages\/25"}],"wp:attachment":[{"href":"https:\/\/art-mu.fr\/index.php?rest_route=%2Fwp%2Fv2%2Fmedia&parent=5272"}],"curies":[{"name":"wp","href":"https:\/\/api.w.org\/{rel}","templated":true}]}}