{"id":4695,"date":"2023-03-08T17:24:35","date_gmt":"2023-03-08T15:24:35","guid":{"rendered":"https:\/\/art-mu.fr\/?page_id=4695"},"modified":"2024-11-28T19:46:45","modified_gmt":"2024-11-28T17:46:45","slug":"stage-artistique-annuel-2023","status":"publish","type":"page","link":"https:\/\/art-mu.fr\/?page_id=4695","title":{"rendered":"Stage artistique annuel 2023"},"content":{"rendered":"\n<p>Anim\u00e9 comme les \u00e9ditions pr\u00e9c\u00e9dentes par St\u00e9phanie Devaux, le <a href=\"https:\/\/art-mu.fr\/?page_id=105\" data-type=\"page\" data-id=\"105\">stage artistique annuel<\/a> 2023 avait pour th\u00e8me \u00ab\u00a0Lettre et Signes &#8211; cr\u00e9ation de livre(s) unique(s)\u00a0\u00bb. Ou comment destructurer une lettre majuscule pour cr\u00e9er ses propres signes, les orner et en faire un livre unique (voire plusieurs pour les plus productifs)<\/p>\n\n\n\n<figure class=\"wp-block-gallery has-nested-images columns-2 wp-block-gallery-1 is-layout-flex wp-block-gallery-is-layout-flex\">\n<figure class=\"wp-block-image size-full\"><a href=\"https:\/\/art-mu.fr\/wp-content\/uploads\/2023\/03\/2023_03_Steph_D_01.jpg\"><img fetchpriority=\"high\" decoding=\"async\" width=\"660\" height=\"1000\" data-id=\"4696\" src=\"https:\/\/art-mu.fr\/wp-content\/uploads\/2023\/03\/2023_03_Steph_D_01.jpg\" alt=\"\" class=\"wp-image-4696\" srcset=\"https:\/\/art-mu.fr\/wp-content\/uploads\/2023\/03\/2023_03_Steph_D_01.jpg 660w, https:\/\/art-mu.fr\/wp-content\/uploads\/2023\/03\/2023_03_Steph_D_01-198x300.jpg 198w\" sizes=\"(max-width: 660px) 100vw, 660px\" \/><\/a><\/figure>\n\n\n\n<figure class=\"wp-block-image size-full\"><a href=\"https:\/\/art-mu.fr\/wp-content\/uploads\/2023\/03\/2023_03_Steph_D_02.jpg\"><img decoding=\"async\" width=\"682\" height=\"1000\" data-id=\"4697\" src=\"https:\/\/art-mu.fr\/wp-content\/uploads\/2023\/03\/2023_03_Steph_D_02.jpg\" alt=\"\" class=\"wp-image-4697\" srcset=\"https:\/\/art-mu.fr\/wp-content\/uploads\/2023\/03\/2023_03_Steph_D_02.jpg 682w, https:\/\/art-mu.fr\/wp-content\/uploads\/2023\/03\/2023_03_Steph_D_02-205x300.jpg 205w\" sizes=\"(max-width: 682px) 100vw, 682px\" \/><\/a><\/figure>\n\n\n\n<figure class=\"wp-block-image size-full\"><a href=\"https:\/\/art-mu.fr\/wp-content\/uploads\/2023\/03\/2023_03_Steph_D_03.jpg\"><img decoding=\"async\" width=\"728\" height=\"1000\" data-id=\"4698\" src=\"https:\/\/art-mu.fr\/wp-content\/uploads\/2023\/03\/2023_03_Steph_D_03.jpg\" alt=\"\" class=\"wp-image-4698\" srcset=\"https:\/\/art-mu.fr\/wp-content\/uploads\/2023\/03\/2023_03_Steph_D_03.jpg 728w, https:\/\/art-mu.fr\/wp-content\/uploads\/2023\/03\/2023_03_Steph_D_03-218x300.jpg 218w\" sizes=\"(max-width: 728px) 100vw, 728px\" \/><\/a><\/figure>\n\n\n\n<figure class=\"wp-block-image size-full\"><a href=\"https:\/\/art-mu.fr\/wp-content\/uploads\/2023\/03\/2023_03_Steph_D_04.jpg\"><img loading=\"lazy\" decoding=\"async\" width=\"692\" height=\"1000\" data-id=\"4699\" src=\"https:\/\/art-mu.fr\/wp-content\/uploads\/2023\/03\/2023_03_Steph_D_04.jpg\" alt=\"\" class=\"wp-image-4699\" srcset=\"https:\/\/art-mu.fr\/wp-content\/uploads\/2023\/03\/2023_03_Steph_D_04.jpg 692w, https:\/\/art-mu.fr\/wp-content\/uploads\/2023\/03\/2023_03_Steph_D_04-208x300.jpg 208w\" sizes=\"(max-width: 692px) 100vw, 692px\" \/><\/a><\/figure>\n\n\n\n<figure class=\"wp-block-image size-full\"><a href=\"https:\/\/art-mu.fr\/wp-content\/uploads\/2023\/03\/2023_03_Steph_D_05.jpg\"><img loading=\"lazy\" decoding=\"async\" width=\"670\" height=\"1000\" data-id=\"4700\" src=\"https:\/\/art-mu.fr\/wp-content\/uploads\/2023\/03\/2023_03_Steph_D_05.jpg\" alt=\"\" class=\"wp-image-4700\" srcset=\"https:\/\/art-mu.fr\/wp-content\/uploads\/2023\/03\/2023_03_Steph_D_05.jpg 670w, https:\/\/art-mu.fr\/wp-content\/uploads\/2023\/03\/2023_03_Steph_D_05-201x300.jpg 201w\" sizes=\"(max-width: 670px) 100vw, 670px\" \/><\/a><\/figure>\n\n\n\n<figure class=\"wp-block-image size-full\"><a href=\"https:\/\/art-mu.fr\/wp-content\/uploads\/2023\/03\/2023_03_Steph_D_06.jpg\"><img loading=\"lazy\" decoding=\"async\" width=\"705\" height=\"1000\" data-id=\"4701\" src=\"https:\/\/art-mu.fr\/wp-content\/uploads\/2023\/03\/2023_03_Steph_D_06.jpg\" alt=\"\" class=\"wp-image-4701\" srcset=\"https:\/\/art-mu.fr\/wp-content\/uploads\/2023\/03\/2023_03_Steph_D_06.jpg 705w, https:\/\/art-mu.fr\/wp-content\/uploads\/2023\/03\/2023_03_Steph_D_06-212x300.jpg 212w\" sizes=\"(max-width: 705px) 100vw, 705px\" \/><\/a><\/figure>\n\n\n\n<figure class=\"wp-block-image size-full\"><a href=\"https:\/\/art-mu.fr\/wp-content\/uploads\/2023\/03\/2023_03_Steph_D_07.jpg\"><img loading=\"lazy\" decoding=\"async\" width=\"630\" height=\"1000\" data-id=\"4702\" src=\"https:\/\/art-mu.fr\/wp-content\/uploads\/2023\/03\/2023_03_Steph_D_07.jpg\" alt=\"\" class=\"wp-image-4702\" srcset=\"https:\/\/art-mu.fr\/wp-content\/uploads\/2023\/03\/2023_03_Steph_D_07.jpg 630w, https:\/\/art-mu.fr\/wp-content\/uploads\/2023\/03\/2023_03_Steph_D_07-189x300.jpg 189w\" sizes=\"(max-width: 630px) 100vw, 630px\" \/><\/a><\/figure>\n\n\n\n<figure class=\"wp-block-image size-full\"><a href=\"https:\/\/art-mu.fr\/wp-content\/uploads\/2023\/03\/2023_03_Steph_D_08.jpg\"><img loading=\"lazy\" decoding=\"async\" width=\"822\" height=\"1000\" data-id=\"4714\" src=\"https:\/\/art-mu.fr\/wp-content\/uploads\/2023\/03\/2023_03_Steph_D_08.jpg\" alt=\"\" class=\"wp-image-4714\" srcset=\"https:\/\/art-mu.fr\/wp-content\/uploads\/2023\/03\/2023_03_Steph_D_08.jpg 822w, https:\/\/art-mu.fr\/wp-content\/uploads\/2023\/03\/2023_03_Steph_D_08-247x300.jpg 247w, https:\/\/art-mu.fr\/wp-content\/uploads\/2023\/03\/2023_03_Steph_D_08-768x934.jpg 768w\" sizes=\"(max-width: 822px) 100vw, 822px\" \/><\/a><\/figure>\n\n\n\n<figure class=\"wp-block-image size-full\"><a href=\"https:\/\/art-mu.fr\/wp-content\/uploads\/2023\/03\/2023_03_Steph_D_30.jpg\"><img loading=\"lazy\" decoding=\"async\" width=\"1920\" height=\"1112\" data-id=\"4724\" src=\"https:\/\/art-mu.fr\/wp-content\/uploads\/2023\/03\/2023_03_Steph_D_30.jpg\" alt=\"\" class=\"wp-image-4724\" srcset=\"https:\/\/art-mu.fr\/wp-content\/uploads\/2023\/03\/2023_03_Steph_D_30.jpg 1920w, https:\/\/art-mu.fr\/wp-content\/uploads\/2023\/03\/2023_03_Steph_D_30-300x174.jpg 300w, https:\/\/art-mu.fr\/wp-content\/uploads\/2023\/03\/2023_03_Steph_D_30-1024x593.jpg 1024w, https:\/\/art-mu.fr\/wp-content\/uploads\/2023\/03\/2023_03_Steph_D_30-768x445.jpg 768w, https:\/\/art-mu.fr\/wp-content\/uploads\/2023\/03\/2023_03_Steph_D_30-1536x890.jpg 1536w\" sizes=\"(max-width: 1920px) 100vw, 1920px\" \/><\/a><\/figure>\n\n\n\n<figure class=\"wp-block-image size-full\"><a href=\"https:\/\/art-mu.fr\/wp-content\/uploads\/2023\/03\/2023_03_Steph_D_29.jpg\"><img loading=\"lazy\" decoding=\"async\" width=\"820\" height=\"514\" data-id=\"4704\" src=\"https:\/\/art-mu.fr\/wp-content\/uploads\/2023\/03\/2023_03_Steph_D_29.jpg\" alt=\"\" class=\"wp-image-4704\" srcset=\"https:\/\/art-mu.fr\/wp-content\/uploads\/2023\/03\/2023_03_Steph_D_29.jpg 820w, https:\/\/art-mu.fr\/wp-content\/uploads\/2023\/03\/2023_03_Steph_D_29-300x188.jpg 300w, https:\/\/art-mu.fr\/wp-content\/uploads\/2023\/03\/2023_03_Steph_D_29-768x481.jpg 768w\" sizes=\"(max-width: 820px) 100vw, 820px\" \/><\/a><\/figure>\n\n\n\n<figure class=\"wp-block-image size-full\"><a href=\"https:\/\/art-mu.fr\/wp-content\/uploads\/2023\/03\/2023_03_Steph_D_12.jpg\"><img loading=\"lazy\" decoding=\"async\" width=\"1000\" height=\"747\" data-id=\"4706\" src=\"https:\/\/art-mu.fr\/wp-content\/uploads\/2023\/03\/2023_03_Steph_D_12.jpg\" alt=\"\" class=\"wp-image-4706\" srcset=\"https:\/\/art-mu.fr\/wp-content\/uploads\/2023\/03\/2023_03_Steph_D_12.jpg 1000w, https:\/\/art-mu.fr\/wp-content\/uploads\/2023\/03\/2023_03_Steph_D_12-300x224.jpg 300w, https:\/\/art-mu.fr\/wp-content\/uploads\/2023\/03\/2023_03_Steph_D_12-768x574.jpg 768w\" sizes=\"(max-width: 1000px) 100vw, 1000px\" \/><\/a><\/figure>\n\n\n\n<figure class=\"wp-block-image size-full\"><a href=\"https:\/\/art-mu.fr\/wp-content\/uploads\/2023\/03\/2023_03_Steph_D_11.jpg\"><img loading=\"lazy\" decoding=\"async\" width=\"1000\" height=\"747\" data-id=\"4721\" src=\"https:\/\/art-mu.fr\/wp-content\/uploads\/2023\/03\/2023_03_Steph_D_11.jpg\" alt=\"\" class=\"wp-image-4721\" srcset=\"https:\/\/art-mu.fr\/wp-content\/uploads\/2023\/03\/2023_03_Steph_D_11.jpg 1000w, https:\/\/art-mu.fr\/wp-content\/uploads\/2023\/03\/2023_03_Steph_D_11-300x224.jpg 300w, https:\/\/art-mu.fr\/wp-content\/uploads\/2023\/03\/2023_03_Steph_D_11-768x574.jpg 768w\" sizes=\"(max-width: 1000px) 100vw, 1000px\" \/><\/a><\/figure>\n\n\n\n<figure class=\"wp-block-image size-full\"><a href=\"https:\/\/art-mu.fr\/wp-content\/uploads\/2023\/03\/2023_03_Steph_D_13.jpg\"><img loading=\"lazy\" decoding=\"async\" width=\"1000\" height=\"676\" data-id=\"4719\" src=\"https:\/\/art-mu.fr\/wp-content\/uploads\/2023\/03\/2023_03_Steph_D_13.jpg\" alt=\"\" class=\"wp-image-4719\" srcset=\"https:\/\/art-mu.fr\/wp-content\/uploads\/2023\/03\/2023_03_Steph_D_13.jpg 1000w, https:\/\/art-mu.fr\/wp-content\/uploads\/2023\/03\/2023_03_Steph_D_13-300x203.jpg 300w, https:\/\/art-mu.fr\/wp-content\/uploads\/2023\/03\/2023_03_Steph_D_13-768x519.jpg 768w\" sizes=\"(max-width: 1000px) 100vw, 1000px\" \/><\/a><\/figure>\n\n\n\n<figure class=\"wp-block-image size-full\"><a href=\"https:\/\/art-mu.fr\/wp-content\/uploads\/2023\/03\/2023_03_Steph_D_28.jpg\"><img loading=\"lazy\" decoding=\"async\" width=\"1000\" height=\"654\" data-id=\"4708\" src=\"https:\/\/art-mu.fr\/wp-content\/uploads\/2023\/03\/2023_03_Steph_D_28.jpg\" alt=\"\" class=\"wp-image-4708\" srcset=\"https:\/\/art-mu.fr\/wp-content\/uploads\/2023\/03\/2023_03_Steph_D_28.jpg 1000w, https:\/\/art-mu.fr\/wp-content\/uploads\/2023\/03\/2023_03_Steph_D_28-300x196.jpg 300w, https:\/\/art-mu.fr\/wp-content\/uploads\/2023\/03\/2023_03_Steph_D_28-768x502.jpg 768w\" sizes=\"(max-width: 1000px) 100vw, 1000px\" \/><\/a><\/figure>\n\n\n\n<figure class=\"wp-block-image size-full\"><a href=\"https:\/\/art-mu.fr\/wp-content\/uploads\/2023\/03\/2023_03_Steph_D_27.jpg\"><img loading=\"lazy\" decoding=\"async\" width=\"1000\" height=\"613\" data-id=\"4705\" src=\"https:\/\/art-mu.fr\/wp-content\/uploads\/2023\/03\/2023_03_Steph_D_27.jpg\" alt=\"\" class=\"wp-image-4705\" srcset=\"https:\/\/art-mu.fr\/wp-content\/uploads\/2023\/03\/2023_03_Steph_D_27.jpg 1000w, https:\/\/art-mu.fr\/wp-content\/uploads\/2023\/03\/2023_03_Steph_D_27-300x184.jpg 300w, https:\/\/art-mu.fr\/wp-content\/uploads\/2023\/03\/2023_03_Steph_D_27-768x471.jpg 768w\" sizes=\"(max-width: 1000px) 100vw, 1000px\" \/><\/a><\/figure>\n\n\n\n<figure class=\"wp-block-image size-full\"><a href=\"https:\/\/art-mu.fr\/wp-content\/uploads\/2023\/03\/2023_03_Steph_D_21.jpg\"><img loading=\"lazy\" decoding=\"async\" width=\"1000\" height=\"660\" data-id=\"4712\" src=\"https:\/\/art-mu.fr\/wp-content\/uploads\/2023\/03\/2023_03_Steph_D_21.jpg\" alt=\"\" class=\"wp-image-4712\" srcset=\"https:\/\/art-mu.fr\/wp-content\/uploads\/2023\/03\/2023_03_Steph_D_21.jpg 1000w, https:\/\/art-mu.fr\/wp-content\/uploads\/2023\/03\/2023_03_Steph_D_21-300x198.jpg 300w, https:\/\/art-mu.fr\/wp-content\/uploads\/2023\/03\/2023_03_Steph_D_21-768x507.jpg 768w\" sizes=\"(max-width: 1000px) 100vw, 1000px\" \/><\/a><\/figure>\n\n\n\n<figure class=\"wp-block-image size-full\"><a href=\"https:\/\/art-mu.fr\/wp-content\/uploads\/2023\/03\/2023_03_Steph_D_23.jpg\"><img loading=\"lazy\" decoding=\"async\" width=\"1000\" height=\"621\" data-id=\"4703\" src=\"https:\/\/art-mu.fr\/wp-content\/uploads\/2023\/03\/2023_03_Steph_D_23.jpg\" alt=\"\" class=\"wp-image-4703\" srcset=\"https:\/\/art-mu.fr\/wp-content\/uploads\/2023\/03\/2023_03_Steph_D_23.jpg 1000w, https:\/\/art-mu.fr\/wp-content\/uploads\/2023\/03\/2023_03_Steph_D_23-300x186.jpg 300w, https:\/\/art-mu.fr\/wp-content\/uploads\/2023\/03\/2023_03_Steph_D_23-768x477.jpg 768w\" sizes=\"(max-width: 1000px) 100vw, 1000px\" \/><\/a><\/figure>\n\n\n\n<figure class=\"wp-block-image size-full\"><a href=\"https:\/\/art-mu.fr\/wp-content\/uploads\/2023\/03\/2023_03_Steph_D_22.jpg\"><img loading=\"lazy\" decoding=\"async\" width=\"1444\" height=\"1000\" data-id=\"4723\" src=\"https:\/\/art-mu.fr\/wp-content\/uploads\/2023\/03\/2023_03_Steph_D_22.jpg\" alt=\"\" class=\"wp-image-4723\" srcset=\"https:\/\/art-mu.fr\/wp-content\/uploads\/2023\/03\/2023_03_Steph_D_22.jpg 1444w, https:\/\/art-mu.fr\/wp-content\/uploads\/2023\/03\/2023_03_Steph_D_22-300x208.jpg 300w, https:\/\/art-mu.fr\/wp-content\/uploads\/2023\/03\/2023_03_Steph_D_22-1024x709.jpg 1024w, https:\/\/art-mu.fr\/wp-content\/uploads\/2023\/03\/2023_03_Steph_D_22-768x532.jpg 768w\" sizes=\"(max-width: 1444px) 100vw, 1444px\" \/><\/a><\/figure>\n\n\n\n<figure class=\"wp-block-image size-full\"><a href=\"https:\/\/art-mu.fr\/wp-content\/uploads\/2023\/03\/2023_03_Steph_D_24.jpg\"><img loading=\"lazy\" decoding=\"async\" width=\"1000\" height=\"584\" data-id=\"4709\" src=\"https:\/\/art-mu.fr\/wp-content\/uploads\/2023\/03\/2023_03_Steph_D_24.jpg\" alt=\"\" class=\"wp-image-4709\" srcset=\"https:\/\/art-mu.fr\/wp-content\/uploads\/2023\/03\/2023_03_Steph_D_24.jpg 1000w, https:\/\/art-mu.fr\/wp-content\/uploads\/2023\/03\/2023_03_Steph_D_24-300x175.jpg 300w, https:\/\/art-mu.fr\/wp-content\/uploads\/2023\/03\/2023_03_Steph_D_24-768x449.jpg 768w\" sizes=\"(max-width: 1000px) 100vw, 1000px\" \/><\/a><\/figure>\n\n\n\n<figure class=\"wp-block-image size-full\"><a href=\"https:\/\/art-mu.fr\/wp-content\/uploads\/2023\/03\/2023_03_Steph_D_25.jpg\"><img loading=\"lazy\" decoding=\"async\" width=\"1000\" height=\"603\" data-id=\"4711\" src=\"https:\/\/art-mu.fr\/wp-content\/uploads\/2023\/03\/2023_03_Steph_D_25.jpg\" alt=\"\" class=\"wp-image-4711\" srcset=\"https:\/\/art-mu.fr\/wp-content\/uploads\/2023\/03\/2023_03_Steph_D_25.jpg 1000w, https:\/\/art-mu.fr\/wp-content\/uploads\/2023\/03\/2023_03_Steph_D_25-300x181.jpg 300w, https:\/\/art-mu.fr\/wp-content\/uploads\/2023\/03\/2023_03_Steph_D_25-768x463.jpg 768w\" sizes=\"(max-width: 1000px) 100vw, 1000px\" \/><\/a><\/figure>\n\n\n\n<figure class=\"wp-block-image size-full\"><a href=\"https:\/\/art-mu.fr\/wp-content\/uploads\/2023\/03\/2023_03_Steph_D_26.jpg\"><img loading=\"lazy\" decoding=\"async\" width=\"1000\" height=\"545\" data-id=\"4707\" src=\"https:\/\/art-mu.fr\/wp-content\/uploads\/2023\/03\/2023_03_Steph_D_26.jpg\" alt=\"\" class=\"wp-image-4707\" srcset=\"https:\/\/art-mu.fr\/wp-content\/uploads\/2023\/03\/2023_03_Steph_D_26.jpg 1000w, https:\/\/art-mu.fr\/wp-content\/uploads\/2023\/03\/2023_03_Steph_D_26-300x164.jpg 300w, https:\/\/art-mu.fr\/wp-content\/uploads\/2023\/03\/2023_03_Steph_D_26-768x419.jpg 768w\" sizes=\"(max-width: 1000px) 100vw, 1000px\" \/><\/a><\/figure>\n\n\n\n<figure class=\"wp-block-image size-full\"><a href=\"https:\/\/art-mu.fr\/wp-content\/uploads\/2023\/03\/2023_03_Steph_D_20.jpg\"><img loading=\"lazy\" decoding=\"async\" width=\"1000\" height=\"706\" data-id=\"4713\" src=\"https:\/\/art-mu.fr\/wp-content\/uploads\/2023\/03\/2023_03_Steph_D_20.jpg\" alt=\"\" class=\"wp-image-4713\" srcset=\"https:\/\/art-mu.fr\/wp-content\/uploads\/2023\/03\/2023_03_Steph_D_20.jpg 1000w, https:\/\/art-mu.fr\/wp-content\/uploads\/2023\/03\/2023_03_Steph_D_20-300x212.jpg 300w, https:\/\/art-mu.fr\/wp-content\/uploads\/2023\/03\/2023_03_Steph_D_20-768x542.jpg 768w\" sizes=\"(max-width: 1000px) 100vw, 1000px\" \/><\/a><\/figure>\n\n\n\n<figure class=\"wp-block-image size-full\"><a href=\"https:\/\/art-mu.fr\/wp-content\/uploads\/2023\/03\/2023_03_Steph_D_17.jpg\"><img loading=\"lazy\" decoding=\"async\" width=\"711\" height=\"1000\" data-id=\"4710\" src=\"https:\/\/art-mu.fr\/wp-content\/uploads\/2023\/03\/2023_03_Steph_D_17.jpg\" alt=\"\" class=\"wp-image-4710\" srcset=\"https:\/\/art-mu.fr\/wp-content\/uploads\/2023\/03\/2023_03_Steph_D_17.jpg 711w, https:\/\/art-mu.fr\/wp-content\/uploads\/2023\/03\/2023_03_Steph_D_17-213x300.jpg 213w\" sizes=\"(max-width: 711px) 100vw, 711px\" \/><\/a><\/figure>\n\n\n\n<figure class=\"wp-block-image size-full\"><a href=\"https:\/\/art-mu.fr\/wp-content\/uploads\/2023\/03\/2023_03_Steph_D_15.jpg\"><img loading=\"lazy\" decoding=\"async\" width=\"753\" height=\"1000\" data-id=\"4715\" src=\"https:\/\/art-mu.fr\/wp-content\/uploads\/2023\/03\/2023_03_Steph_D_15.jpg\" alt=\"\" class=\"wp-image-4715\" srcset=\"https:\/\/art-mu.fr\/wp-content\/uploads\/2023\/03\/2023_03_Steph_D_15.jpg 753w, https:\/\/art-mu.fr\/wp-content\/uploads\/2023\/03\/2023_03_Steph_D_15-226x300.jpg 226w\" sizes=\"(max-width: 753px) 100vw, 753px\" \/><\/a><\/figure>\n\n\n\n<figure class=\"wp-block-image size-full\"><a href=\"https:\/\/art-mu.fr\/wp-content\/uploads\/2023\/03\/2023_03_Steph_D_14.jpg\"><img loading=\"lazy\" decoding=\"async\" width=\"827\" height=\"1000\" data-id=\"4720\" src=\"https:\/\/art-mu.fr\/wp-content\/uploads\/2023\/03\/2023_03_Steph_D_14.jpg\" alt=\"\" class=\"wp-image-4720\" srcset=\"https:\/\/art-mu.fr\/wp-content\/uploads\/2023\/03\/2023_03_Steph_D_14.jpg 827w, https:\/\/art-mu.fr\/wp-content\/uploads\/2023\/03\/2023_03_Steph_D_14-248x300.jpg 248w, https:\/\/art-mu.fr\/wp-content\/uploads\/2023\/03\/2023_03_Steph_D_14-768x929.jpg 768w\" sizes=\"(max-width: 827px) 100vw, 827px\" \/><\/a><\/figure>\n\n\n\n<figure class=\"wp-block-image size-full\"><a href=\"https:\/\/art-mu.fr\/wp-content\/uploads\/2023\/03\/2023_03_Steph_D_16.jpg\"><img loading=\"lazy\" decoding=\"async\" width=\"725\" height=\"1000\" data-id=\"4717\" src=\"https:\/\/art-mu.fr\/wp-content\/uploads\/2023\/03\/2023_03_Steph_D_16.jpg\" alt=\"\" class=\"wp-image-4717\" srcset=\"https:\/\/art-mu.fr\/wp-content\/uploads\/2023\/03\/2023_03_Steph_D_16.jpg 725w, https:\/\/art-mu.fr\/wp-content\/uploads\/2023\/03\/2023_03_Steph_D_16-218x300.jpg 218w\" sizes=\"(max-width: 725px) 100vw, 725px\" \/><\/a><\/figure>\n\n\n\n<figure class=\"wp-block-image size-full\"><a href=\"https:\/\/art-mu.fr\/wp-content\/uploads\/2023\/03\/2023_03_Steph_D_18.jpg\"><img loading=\"lazy\" decoding=\"async\" width=\"747\" height=\"1000\" data-id=\"4722\" src=\"https:\/\/art-mu.fr\/wp-content\/uploads\/2023\/03\/2023_03_Steph_D_18.jpg\" alt=\"\" class=\"wp-image-4722\" srcset=\"https:\/\/art-mu.fr\/wp-content\/uploads\/2023\/03\/2023_03_Steph_D_18.jpg 747w, https:\/\/art-mu.fr\/wp-content\/uploads\/2023\/03\/2023_03_Steph_D_18-224x300.jpg 224w\" sizes=\"(max-width: 747px) 100vw, 747px\" \/><\/a><\/figure>\n\n\n\n<figure class=\"wp-block-image size-full\"><a href=\"https:\/\/art-mu.fr\/wp-content\/uploads\/2023\/03\/2023_03_Steph_D_19.jpg\"><img loading=\"lazy\" decoding=\"async\" width=\"743\" height=\"1000\" data-id=\"4718\" src=\"https:\/\/art-mu.fr\/wp-content\/uploads\/2023\/03\/2023_03_Steph_D_19.jpg\" alt=\"\" class=\"wp-image-4718\" srcset=\"https:\/\/art-mu.fr\/wp-content\/uploads\/2023\/03\/2023_03_Steph_D_19.jpg 743w, https:\/\/art-mu.fr\/wp-content\/uploads\/2023\/03\/2023_03_Steph_D_19-223x300.jpg 223w\" sizes=\"(max-width: 743px) 100vw, 743px\" \/><\/a><\/figure>\n<\/figure>\n\n\n\n<p>Les participant.e.s et St\u00e9phanie :<\/p>\n\n\n\n<figure class=\"wp-block-gallery has-nested-images columns-default wp-block-gallery-2 is-layout-flex wp-block-gallery-is-layout-flex\">\n<figure class=\"wp-block-image size-large\"><a href=\"https:\/\/art-mu.fr\/wp-content\/uploads\/2023\/03\/2023_03_Steph_D_00.jpg\"><img loading=\"lazy\" decoding=\"async\" width=\"1024\" height=\"623\" data-id=\"4725\" src=\"https:\/\/art-mu.fr\/wp-content\/uploads\/2023\/03\/2023_03_Steph_D_00-1024x623.jpg\" alt=\"\" class=\"wp-image-4725\" srcset=\"https:\/\/art-mu.fr\/wp-content\/uploads\/2023\/03\/2023_03_Steph_D_00-1024x623.jpg 1024w, https:\/\/art-mu.fr\/wp-content\/uploads\/2023\/03\/2023_03_Steph_D_00-300x183.jpg 300w, https:\/\/art-mu.fr\/wp-content\/uploads\/2023\/03\/2023_03_Steph_D_00-768x467.jpg 768w, https:\/\/art-mu.fr\/wp-content\/uploads\/2023\/03\/2023_03_Steph_D_00-1536x934.jpg 1536w, https:\/\/art-mu.fr\/wp-content\/uploads\/2023\/03\/2023_03_Steph_D_00.jpg 1920w\" sizes=\"(max-width: 1024px) 100vw, 1024px\" \/><\/a><\/figure>\n<\/figure>\n\n\n\n<p>&#8211;> vers le <a href=\"https:\/\/art-mu.fr\/?page_id=5604\" data-type=\"page\" data-id=\"5604\">compte-rendu photo du stage 2024<\/a><\/p>\n\n\n\n<div class=\"wp-block-buttons is-content-justification-center is-layout-flex wp-container-core-buttons-is-layout-a89b3969 wp-block-buttons-is-layout-flex\">\n<div class=\"wp-block-button is-style-outline is-style-outline--3\"><a class=\"wp-block-button__link wp-element-button\" href=\"https:\/\/art-mu.fr\/?page_id=4695\">Retour au haut de page<\/a><\/div>\n<\/div>\n\n\n\n<p><\/p>\n","protected":false},"excerpt":{"rendered":"<p>Anim\u00e9 comme les \u00e9ditions pr\u00e9c\u00e9dentes par St\u00e9phanie Devaux, le stage artistique annuel 2023 avait pour th\u00e8me \u00ab\u00a0Lettre et Signes &#8211; cr\u00e9ation de livre(s) unique(s)\u00a0\u00bb. Ou comment destructurer une lettre majuscule pour cr\u00e9er ses propres signes, les orner et en faire un livre unique (voire plusieurs pour les plus productifs) Les participant.e.s et St\u00e9phanie : &#8211;> [&hellip;]<\/p>\n","protected":false},"author":3,"featured_media":0,"parent":0,"menu_order":0,"comment_status":"closed","ping_status":"closed","template":"","meta":{"footnotes":""},"class_list":["post-4695","page","type-page","status-publish","hentry"],"_links":{"self":[{"href":"https:\/\/art-mu.fr\/index.php?rest_route=\/wp\/v2\/pages\/4695","targetHints":{"allow":["GET"]}}],"collection":[{"href":"https:\/\/art-mu.fr\/index.php?rest_route=\/wp\/v2\/pages"}],"about":[{"href":"https:\/\/art-mu.fr\/index.php?rest_route=\/wp\/v2\/types\/page"}],"author":[{"embeddable":true,"href":"https:\/\/art-mu.fr\/index.php?rest_route=\/wp\/v2\/users\/3"}],"replies":[{"embeddable":true,"href":"https:\/\/art-mu.fr\/index.php?rest_route=%2Fwp%2Fv2%2Fcomments&post=4695"}],"version-history":[{"count":3,"href":"https:\/\/art-mu.fr\/index.php?rest_route=\/wp\/v2\/pages\/4695\/revisions"}],"predecessor-version":[{"id":7579,"href":"https:\/\/art-mu.fr\/index.php?rest_route=\/wp\/v2\/pages\/4695\/revisions\/7579"}],"wp:attachment":[{"href":"https:\/\/art-mu.fr\/index.php?rest_route=%2Fwp%2Fv2%2Fmedia&parent=4695"}],"curies":[{"name":"wp","href":"https:\/\/api.w.org\/{rel}","templated":true}]}}