{"id":3607,"date":"2022-09-18T09:31:03","date_gmt":"2022-09-18T07:31:03","guid":{"rendered":"https:\/\/art-mu.fr\/?page_id=3607"},"modified":"2024-11-28T19:47:36","modified_gmt":"2024-11-28T17:47:36","slug":"salon-lart-mue-2022","status":"publish","type":"page","link":"https:\/\/art-mu.fr\/?page_id=3607","title":{"rendered":"Salon L&rsquo;Art mue 2022&#8230;"},"content":{"rendered":"\n<p><a href=\"https:\/\/art-mu.fr\/?page_id=155\" data-type=\"page\" data-id=\"155\">Salon biennal au Ch\u00e2teau de Courcelles<\/a> (Espace Europa) \u00e0 Montigny-l\u00e8s-Metz. <em>(Salon organis\u00e9 par Art&rsquo;Mu,en partenariat cette ann\u00e9e avec la Ville de Montigny-l\u00e8s-Metz, Respire-Montigny, le Cr\u00e9dit Mutuel et Le G\u00e9ant des Beaux-Arts)<\/em><\/p>\n\n\n\n<figure class=\"wp-block-gallery has-nested-images columns-default is-cropped wp-block-gallery-1 is-layout-flex wp-block-gallery-is-layout-flex\">\n<figure class=\"wp-block-image size-large\"><img fetchpriority=\"high\" decoding=\"async\" width=\"1338\" height=\"1920\" data-id=\"3590\" src=\"https:\/\/art-mu.fr\/wp-content\/uploads\/2022\/09\/2022_09_flyer_salon.jpg\" alt=\"\" class=\"wp-image-3590\" srcset=\"https:\/\/art-mu.fr\/wp-content\/uploads\/2022\/09\/2022_09_flyer_salon.jpg 1338w, https:\/\/art-mu.fr\/wp-content\/uploads\/2022\/09\/2022_09_flyer_salon-209x300.jpg 209w, https:\/\/art-mu.fr\/wp-content\/uploads\/2022\/09\/2022_09_flyer_salon-714x1024.jpg 714w, https:\/\/art-mu.fr\/wp-content\/uploads\/2022\/09\/2022_09_flyer_salon-768x1102.jpg 768w, https:\/\/art-mu.fr\/wp-content\/uploads\/2022\/09\/2022_09_flyer_salon-1070x1536.jpg 1070w\" sizes=\"(max-width: 1338px) 100vw, 1338px\" \/><\/figure>\n<\/figure>\n\n\n\n<hr class=\"wp-block-separator has-alpha-channel-opacity\"\/>\n\n\n\n<p class=\"has-text-align-center\"><strong><mark style=\"background-color:#666\" class=\"has-inline-color has-light-gray-color\">Menu <\/mark><\/strong><\/p>\n\n\n\n<p class=\"has-text-align-left\">-&gt; <strong><a href=\"https:\/\/art-mu.fr\/?page_id=3929\" data-type=\"page\" data-id=\"3929\">Invit\u00e9 d&rsquo;honneur : Alain Beylet<\/a><\/strong><\/p>\n\n\n\n<p class=\"has-text-align-left\">-&gt; <strong><a href=\"https:\/\/art-mu.fr\/?page_id=3972\" data-type=\"page\" data-id=\"3972\">Les oeuvres expos\u00e9es<\/a><\/strong> (photos et visite virtuelle vid\u00e9o, catalogue)<\/p>\n\n\n\n<p class=\"has-text-align-left\">-&gt;<strong> <a href=\"https:\/\/art-mu.fr\/?page_id=4051\" data-type=\"page\" data-id=\"4051\">Les laur\u00e9ats<\/a><\/strong><\/p>\n\n\n\n<p class=\"has-text-align-left\">-&gt; <strong><a href=\"https:\/\/art-mu.fr\/?page_id=3706\" data-type=\"page\" data-id=\"3706\">Autres photos du vernissage  <\/a><\/strong><a href=\"https:\/\/art-mu.fr\/?page_id=3706\" data-type=\"page\" data-id=\"3706\">(discours et remise des prix)<\/a><\/p>\n\n\n\n<p class=\"has-text-align-left\">-&gt; <a href=\"https:\/\/art-mu.fr\/?page_id=4310\" data-type=\"page\" data-id=\"4310\">Journ\u00e9e des <strong>ateliers et finissage<\/strong><\/a><\/p>\n\n\n\n<p class=\"has-text-align-left\">-&gt; <strong><a href=\"https:\/\/art-mu.fr\/?page_id=3573\" data-type=\"page\" data-id=\"3573\">Page particuli\u00e8re \u00e0 l&rsquo;oeuvre participative<\/a><\/strong><\/p>\n\n\n\n<p class=\"has-text-align-left\">-&gt; <strong><a href=\"https:\/\/art-mu.fr\/?page_id=3831\" data-type=\"page\" data-id=\"3831\">Un Quizz pour les visiteurs (et internautes) attentifs<\/a><\/strong><\/p>\n\n\n\n<hr class=\"wp-block-separator has-alpha-channel-opacity\"\/>\n\n\n\n<p>Vers la <a href=\"https:\/\/art-mu.fr\/?page_id=5846\" data-type=\"page\" data-id=\"5846\">page du salon 2024<\/a> ou retour <a href=\"https:\/\/art-mu.fr\/?page_id=155\" data-type=\"page\" data-id=\"155\">page g\u00e9n\u00e9rale des salons biennaux<\/a><\/p>\n\n\n\n<div class=\"wp-block-buttons is-content-justification-center is-layout-flex wp-block-buttons-is-layout-flex\">\n<div class=\"wp-block-button is-style-outline is-style-outline--2\"><a class=\"wp-block-button__link has-blue-color has-light-gray-background-color has-text-color has-background\" href=\"#\">Retour au haut de page<\/a><\/div>\n<\/div>\n\n\n\n<p><\/p>\n","protected":false},"excerpt":{"rendered":"<p>Salon biennal au Ch\u00e2teau de Courcelles (Espace Europa) \u00e0 Montigny-l\u00e8s-Metz. (Salon organis\u00e9 par Art&rsquo;Mu,en partenariat cette ann\u00e9e avec la Ville de Montigny-l\u00e8s-Metz, Respire-Montigny, le Cr\u00e9dit Mutuel et Le G\u00e9ant des Beaux-Arts) Menu -&gt; Invit\u00e9 d&rsquo;honneur : Alain Beylet -&gt; Les oeuvres expos\u00e9es (photos et visite virtuelle vid\u00e9o, catalogue) -&gt; Les laur\u00e9ats -&gt; Autres photos du [&hellip;]<\/p>\n","protected":false},"author":3,"featured_media":0,"parent":155,"menu_order":3,"comment_status":"closed","ping_status":"closed","template":"","meta":{"footnotes":""},"class_list":["post-3607","page","type-page","status-publish","hentry"],"_links":{"self":[{"href":"https:\/\/art-mu.fr\/index.php?rest_route=\/wp\/v2\/pages\/3607","targetHints":{"allow":["GET"]}}],"collection":[{"href":"https:\/\/art-mu.fr\/index.php?rest_route=\/wp\/v2\/pages"}],"about":[{"href":"https:\/\/art-mu.fr\/index.php?rest_route=\/wp\/v2\/types\/page"}],"author":[{"embeddable":true,"href":"https:\/\/art-mu.fr\/index.php?rest_route=\/wp\/v2\/users\/3"}],"replies":[{"embeddable":true,"href":"https:\/\/art-mu.fr\/index.php?rest_route=%2Fwp%2Fv2%2Fcomments&post=3607"}],"version-history":[{"count":31,"href":"https:\/\/art-mu.fr\/index.php?rest_route=\/wp\/v2\/pages\/3607\/revisions"}],"predecessor-version":[{"id":7580,"href":"https:\/\/art-mu.fr\/index.php?rest_route=\/wp\/v2\/pages\/3607\/revisions\/7580"}],"up":[{"embeddable":true,"href":"https:\/\/art-mu.fr\/index.php?rest_route=\/wp\/v2\/pages\/155"}],"wp:attachment":[{"href":"https:\/\/art-mu.fr\/index.php?rest_route=%2Fwp%2Fv2%2Fmedia&parent=3607"}],"curies":[{"name":"wp","href":"https:\/\/api.w.org\/{rel}","templated":true}]}}

<p><a href="https://art-mu.fr/?page_id=155" data-type="page" data-id="155">Salon biennal au Château de Courcelles</a> (Espace Europa) à Montigny-lès-Metz. <em>(Salon organisé par Art&rsquo;Mu,en partenariat cette année avec la Ville de Montigny-lès-Metz, Respire-Montigny, le Crédit Mutuel et Le Géant des Beaux-Arts)</em></p>



<figure class="wp-block-gallery has-nested-images columns-default is-cropped wp-block-gallery-1 is-layout-flex wp-block-gallery-is-layout-flex">
<figure class="wp-block-image size-large"><img fetchpriority="high" decoding="async" width="1338" height="1920" data-id="3590" src="https://art-mu.fr/wp-content/uploads/2022/09/2022_09_flyer_salon.jpg" alt="" class="wp-image-3590" srcset="https://art-mu.fr/wp-content/uploads/2022/09/2022_09_flyer_salon.jpg 1338w, https://art-mu.fr/wp-content/uploads/2022/09/2022_09_flyer_salon-209x300.jpg 209w, https://art-mu.fr/wp-content/uploads/2022/09/2022_09_flyer_salon-714x1024.jpg 714w, https://art-mu.fr/wp-content/uploads/2022/09/2022_09_flyer_salon-768x1102.jpg 768w, https://art-mu.fr/wp-content/uploads/2022/09/2022_09_flyer_salon-1070x1536.jpg 1070w" sizes="(max-width: 1338px) 100vw, 1338px" /></figure>
</figure>



<hr class="wp-block-separator has-alpha-channel-opacity"/>



<p class="has-text-align-center"><strong><mark style="background-color:#666" class="has-inline-color has-light-gray-color">Menu </mark></strong></p>



<p class="has-text-align-left">-&gt; <strong><a href="https://art-mu.fr/?page_id=3929" data-type="page" data-id="3929">Invité d&rsquo;honneur : Alain Beylet</a></strong></p>



<p class="has-text-align-left">-&gt; <strong><a href="https://art-mu.fr/?page_id=3972" data-type="page" data-id="3972">Les oeuvres exposées</a></strong> (photos et visite virtuelle vidéo, catalogue)</p>



<p class="has-text-align-left">-&gt;<strong> <a href="https://art-mu.fr/?page_id=4051" data-type="page" data-id="4051">Les lauréats</a></strong></p>



<p class="has-text-align-left">-&gt; <strong><a href="https://art-mu.fr/?page_id=3706" data-type="page" data-id="3706">Autres photos du vernissage  </a></strong><a href="https://art-mu.fr/?page_id=3706" data-type="page" data-id="3706">(discours et remise des prix)</a></p>



<p class="has-text-align-left">-&gt; <a href="https://art-mu.fr/?page_id=4310" data-type="page" data-id="4310">Journée des <strong>ateliers et finissage</strong></a></p>



<p class="has-text-align-left">-&gt; <strong><a href="https://art-mu.fr/?page_id=3573" data-type="page" data-id="3573">Page particulière à l&rsquo;oeuvre participative</a></strong></p>



<p class="has-text-align-left">-&gt; <strong><a href="https://art-mu.fr/?page_id=3831" data-type="page" data-id="3831">Un Quizz pour les visiteurs (et internautes) attentifs</a></strong></p>



<hr class="wp-block-separator has-alpha-channel-opacity"/>



<p>Vers la <a href="https://art-mu.fr/?page_id=5846" data-type="page" data-id="5846">page du salon 2024</a> ou retour <a href="https://art-mu.fr/?page_id=155" data-type="page" data-id="155">page générale des salons biennaux</a></p>



<div class="wp-block-buttons is-content-justification-center is-layout-flex wp-block-buttons-is-layout-flex">
<div class="wp-block-button is-style-outline is-style-outline--2"><a class="wp-block-button__link has-blue-color has-light-gray-background-color has-text-color has-background" href="#">Retour au haut de page</a></div>
</div>



<p></p>

<p>Salon biennal au Château de Courcelles (Espace Europa) à Montigny-lès-Metz. (Salon organisé par Art&rsquo;Mu,en partenariat cette année avec la Ville de Montigny-lès-Metz, Respire-Montigny, le Crédit Mutuel et Le Géant des Beaux-Arts) Menu -&gt; Invité d&rsquo;honneur : Alain Beylet -&gt; Les oeuvres exposées (photos et visite virtuelle vidéo, catalogue) -&gt; Les lauréats -&gt; Autres photos du [&hellip;]</p>
