{"id":34,"date":"2021-08-10T12:28:20","date_gmt":"2021-08-10T10:28:20","guid":{"rendered":"https:\/\/art-mu.fr\/?page_id=34"},"modified":"2021-08-15T17:04:29","modified_gmt":"2021-08-15T15:04:29","slug":"salons-et-autres-expositions","status":"publish","type":"page","link":"https:\/\/art-mu.fr\/?page_id=34","title":{"rendered":"Salons et autres expositions"},"content":{"rendered":"\n<figure class=\"wp-block-image size-full\"><img fetchpriority=\"high\" decoding=\"async\" width=\"525\" height=\"350\" src=\"https:\/\/art-mu.fr\/wp-content\/uploads\/2021\/08\/99_vues_generales_12.jpg\" alt=\"\" class=\"wp-image-35\" srcset=\"https:\/\/art-mu.fr\/wp-content\/uploads\/2021\/08\/99_vues_generales_12.jpg 525w, https:\/\/art-mu.fr\/wp-content\/uploads\/2021\/08\/99_vues_generales_12-300x200.jpg 300w\" sizes=\"(max-width: 525px) 100vw, 525px\" \/><\/figure>\n\n\n\n<p>L&rsquo;association Art-Mu organise tous les deux ans (septembre-octobre des ann\u00e9es paires)<strong> <a href=\"https:\/\/art-mu.fr\/?page_id=155\" data-type=\"page\" data-id=\"155\">le salon \u00ab\u00a0L&rsquo;art mue\u00a0\u00bb<\/a><\/strong> au Ch\u00e2teau de Courcelles \u00e0 Montigny-l\u00e8s-Metz &#8230;<\/p>\n\n\n\n<p>&#8230;et, en alternance (juin des ann\u00e9es impaires), l&rsquo;exposition en plein air<a href=\"https:\/\/art-mu.fr\/?page_id=158\" data-type=\"page\" data-id=\"158\"><strong> \u00ab\u00a0Entre rives et r\u00eaves\u00a0\u00bb <\/strong>au bord du canal<\/a>, tou<a href=\"https:\/\/art-mu.fr\/?page_id=158\" data-type=\"page\" data-id=\"158\">j<\/a>ours \u00e0 Montigny-l\u00e8s-Metz.<\/p>\n\n\n\n<figure class=\"wp-block-image size-full\"><img decoding=\"async\" width=\"525\" height=\"350\" src=\"https:\/\/art-mu.fr\/wp-content\/uploads\/2021\/08\/Isabelle_Pons_20.jpg\" alt=\"\" class=\"wp-image-38\" srcset=\"https:\/\/art-mu.fr\/wp-content\/uploads\/2021\/08\/Isabelle_Pons_20.jpg 525w, https:\/\/art-mu.fr\/wp-content\/uploads\/2021\/08\/Isabelle_Pons_20-300x200.jpg 300w\" sizes=\"(max-width: 525px) 100vw, 525px\" \/><\/figure>\n\n\n\n<p>La participation \u00e0 ces deux manifestations est ouverte aux adh\u00e9rents mais \u00e9galement \u00e0 tous les artistes qui le souhaitent.<\/p>\n\n\n\n<p>Voir \u00e9galement <a href=\"https:\/\/art-mu.fr\/?page_id=489\" data-type=\"page\" data-id=\"489\">l&rsquo;exposition de l&rsquo;atelier De la trace \u00e0 la lettre de juillet 2021<\/a><\/p>\n","protected":false},"excerpt":{"rendered":"<p>L&rsquo;association Art-Mu organise tous les deux ans (septembre-octobre des ann\u00e9es paires) le salon \u00ab\u00a0L&rsquo;art mue\u00a0\u00bb au Ch\u00e2teau de Courcelles \u00e0 Montigny-l\u00e8s-Metz &#8230; &#8230;et, en alternance (juin des ann\u00e9es impaires), l&rsquo;exposition en plein air \u00ab\u00a0Entre rives et r\u00eaves\u00a0\u00bb au bord du canal, toujours \u00e0 Montigny-l\u00e8s-Metz. La participation \u00e0 ces deux manifestations est ouverte aux adh\u00e9rents mais [&hellip;]<\/p>\n","protected":false},"author":3,"featured_media":0,"parent":31,"menu_order":1,"comment_status":"closed","ping_status":"closed","template":"","meta":{"footnotes":""},"class_list":["post-34","page","type-page","status-publish","hentry"],"_links":{"self":[{"href":"https:\/\/art-mu.fr\/index.php?rest_route=\/wp\/v2\/pages\/34","targetHints":{"allow":["GET"]}}],"collection":[{"href":"https:\/\/art-mu.fr\/index.php?rest_route=\/wp\/v2\/pages"}],"about":[{"href":"https:\/\/art-mu.fr\/index.php?rest_route=\/wp\/v2\/types\/page"}],"author":[{"embeddable":true,"href":"https:\/\/art-mu.fr\/index.php?rest_route=\/wp\/v2\/users\/3"}],"replies":[{"embeddable":true,"href":"https:\/\/art-mu.fr\/index.php?rest_route=%2Fwp%2Fv2%2Fcomments&post=34"}],"version-history":[{"count":7,"href":"https:\/\/art-mu.fr\/index.php?rest_route=\/wp\/v2\/pages\/34\/revisions"}],"predecessor-version":[{"id":619,"href":"https:\/\/art-mu.fr\/index.php?rest_route=\/wp\/v2\/pages\/34\/revisions\/619"}],"up":[{"embeddable":true,"href":"https:\/\/art-mu.fr\/index.php?rest_route=\/wp\/v2\/pages\/31"}],"wp:attachment":[{"href":"https:\/\/art-mu.fr\/index.php?rest_route=%2Fwp%2Fv2%2Fmedia&parent=34"}],"curies":[{"name":"wp","href":"https:\/\/api.w.org\/{rel}","templated":true}]}}