{"id":31,"date":"2021-08-10T12:18:58","date_gmt":"2021-08-10T10:18:58","guid":{"rendered":"https:\/\/art-mu.fr\/?page_id=31"},"modified":"2026-03-22T21:50:37","modified_gmt":"2026-03-22T19:50:37","slug":"association-art-mu","status":"publish","type":"page","link":"https:\/\/art-mu.fr\/","title":{"rendered":"L&rsquo;association"},"content":{"rendered":"\n<div style=\"height:50px\" aria-hidden=\"true\" class=\"wp-block-spacer\"><\/div>\n\n\n\n<p><strong>L\u2019association ART\u2019MU<\/strong> a \u00e9t\u00e9 cr\u00e9\u00e9e en 1994 par des artistes souhaitant exp\u00e9rimenter la mati\u00e8re et int\u00e9grer une d\u00e9marche environnementale dans leurs \u0153uvres. <\/p>\n\n\n\n<p>Les artistes travaillent avec de la r\u00e9cup\u00e9ration pour redonner vie \u00e0 ce qui a \u00e9t\u00e9 jet\u00e9, rejet\u00e9. Avec imagination, ces artistes recyclent, transforment et subliment des objets de toutes sortes : papier, ferraille, plastique, carton\u2026 pour leur offrir un sens nouveau.<\/p>\n\n\n\n<p>ART\u2019MU organise des expositions (biennales) au ch\u00e2teau de Courcelles \u00e0 Montigny-l\u00e8s-Metz ainsi qu&rsquo;au bord du canal, dans une optique davantage \u00ab\u00a0land-art\u00a0\u00bb.<br>Ces deux manifestations qui ont fait leurs preuves et su trouver leur public au fil des ans sont ouvertes \u00e0 tous les artistes int\u00e9ress\u00e9s et naturellement en premier lieu aux membres de l&rsquo;association.<\/p>\n\n\n\n<p>L\u2019association ART\u2019MU organise des ateliers et stages dans son atelier tout au long de l\u2019ann\u00e9e, ainsi que des sorties artistiques et culturelles.<\/p>\n\n\n\n<div style=\"height:67px\" aria-hidden=\"true\" class=\"wp-block-spacer\"><\/div>\n\n\n\n<h2 class=\"wp-block-heading\">Nos Activit\u00e9s<\/h2>\n\n\n\n<div style=\"height:18px\" aria-hidden=\"true\" class=\"wp-block-spacer\"><\/div>\n\n\n\n<div class=\"wp-block-media-text is-stacked-on-mobile\"><figure class=\"wp-block-media-text__media\"><a href=\"https:\/\/art-mu.fr\/?page_id=72\"><img fetchpriority=\"high\" decoding=\"async\" width=\"1000\" height=\"408\" src=\"https:\/\/art-mu.fr\/wp-content\/uploads\/2021\/08\/modele_vivant3.jpg\" alt=\"\" class=\"wp-image-949 size-full\" srcset=\"https:\/\/art-mu.fr\/wp-content\/uploads\/2021\/08\/modele_vivant3.jpg 1000w, https:\/\/art-mu.fr\/wp-content\/uploads\/2021\/08\/modele_vivant3-300x122.jpg 300w, https:\/\/art-mu.fr\/wp-content\/uploads\/2021\/08\/modele_vivant3-768x313.jpg 768w\" sizes=\"(max-width: 1000px) 100vw, 1000px\" \/><\/a><\/figure><div class=\"wp-block-media-text__content\">\n<p><a href=\"https:\/\/art-mu.fr\/?page_id=72\">L&rsquo;atelier de mod\u00e8le vivant. Pour ceux qui veulent pratiquer en toute libert\u00e9.<\/a><\/p>\n<\/div><\/div>\n\n\n\n<div style=\"height:47px\" aria-hidden=\"true\" class=\"wp-block-spacer\"><\/div>\n\n\n\n<div class=\"wp-block-media-text is-stacked-on-mobile\"><figure class=\"wp-block-media-text__media\"><img decoding=\"async\" width=\"1000\" height=\"408\" src=\"https:\/\/art-mu.fr\/wp-content\/uploads\/2026\/03\/IMAGE_ATELIER_LIBRE-1.jpg\" alt=\"\" class=\"wp-image-7886 size-full\" srcset=\"https:\/\/art-mu.fr\/wp-content\/uploads\/2026\/03\/IMAGE_ATELIER_LIBRE-1.jpg 1000w, https:\/\/art-mu.fr\/wp-content\/uploads\/2026\/03\/IMAGE_ATELIER_LIBRE-1-300x122.jpg 300w, https:\/\/art-mu.fr\/wp-content\/uploads\/2026\/03\/IMAGE_ATELIER_LIBRE-1-768x313.jpg 768w\" sizes=\"(max-width: 1000px) 100vw, 1000px\" \/><\/figure><div class=\"wp-block-media-text__content\">\n<p><a href=\"https:\/\/art-mu.fr\/?page_id=7881\">L&rsquo;atelier de dessin libre. Venez pratiquer dans une bonne ambiance<\/a><\/p>\n<\/div><\/div>\n\n\n\n<div style=\"height:47px\" aria-hidden=\"true\" class=\"wp-block-spacer\"><\/div>\n\n\n\n<div class=\"wp-block-media-text is-stacked-on-mobile\"><figure class=\"wp-block-media-text__media\"><a href=\"https:\/\/art-mu.fr\/?page_id=155\"><img decoding=\"async\" width=\"582\" height=\"365\" src=\"https:\/\/art-mu.fr\/wp-content\/uploads\/2024\/08\/Affiche_ArtMu_2024_def-e1769958529145.jpg\" alt=\"\" class=\"wp-image-5812 size-full\" srcset=\"https:\/\/art-mu.fr\/wp-content\/uploads\/2024\/08\/Affiche_ArtMu_2024_def-e1769958529145.jpg 582w, https:\/\/art-mu.fr\/wp-content\/uploads\/2024\/08\/Affiche_ArtMu_2024_def-e1769958529145-300x188.jpg 300w\" sizes=\"(max-width: 582px) 100vw, 582px\" \/><\/a><\/figure><div class=\"wp-block-media-text__content\">\n<p><a href=\"https:\/\/art-mu.fr\/?page_id=155\">Nos salons et expositions.<\/a><\/p>\n<\/div><\/div>\n\n\n\n<div style=\"height:100px\" aria-hidden=\"true\" class=\"wp-block-spacer\"><\/div>\n\n\n\n<div class=\"wp-block-file alignright\"><a id=\"wp-block-file--media-359500d8-7f8e-44a4-9878-f511be9938bd\" href=\"https:\/\/art-mu.fr\/wp-content\/uploads\/2021\/08\/stauts_Art-Mu.pdf\">statuts_Art-Mu<\/a><a href=\"https:\/\/art-mu.fr\/wp-content\/uploads\/2021\/08\/stauts_Art-Mu.pdf\" class=\"wp-block-file__button wp-element-button\" download aria-describedby=\"wp-block-file--media-359500d8-7f8e-44a4-9878-f511be9938bd\">T\u00e9l\u00e9charger<\/a><\/div>\n\n\n\n<p>&gt; Statuts de l&rsquo;association :<\/p>\n\n\n\n<p><strong>Infos pratiques<\/strong> : <a href=\"https:\/\/art-mu.fr\/?page_id=2\" data-type=\"page\" data-id=\"2\">Contact, adresse et adh\u00e9sion<\/a><\/p>\n\n\n\n<div class=\"wp-block-buttons is-content-justification-center is-layout-flex wp-block-buttons-is-layout-flex\">\n<div class=\"wp-block-button is-style-outline is-style-outline--1\"><a class=\"wp-block-button__link has-blue-color has-light-gray-background-color has-text-color has-background\" href=\"#\">Retour au haut de page<\/a><\/div>\n<\/div>\n\n\n\n<p><br><br><\/p>\n\n\n\n<p><\/p>\n","protected":false},"excerpt":{"rendered":"<p>L\u2019association ART\u2019MU a \u00e9t\u00e9 cr\u00e9\u00e9e en 1994 par des artistes souhaitant exp\u00e9rimenter la mati\u00e8re et int\u00e9grer une d\u00e9marche environnementale dans leurs \u0153uvres. Les artistes travaillent avec de la r\u00e9cup\u00e9ration pour redonner vie \u00e0 ce qui a \u00e9t\u00e9 jet\u00e9, rejet\u00e9. Avec imagination, ces artistes recyclent, transforment et subliment des objets de toutes sortes : papier, ferraille, [&hellip;]<\/p>\n","protected":false},"author":3,"featured_media":0,"parent":0,"menu_order":0,"comment_status":"closed","ping_status":"closed","template":"","meta":{"footnotes":""},"class_list":["post-31","page","type-page","status-publish","hentry"],"_links":{"self":[{"href":"https:\/\/art-mu.fr\/index.php?rest_route=\/wp\/v2\/pages\/31","targetHints":{"allow":["GET"]}}],"collection":[{"href":"https:\/\/art-mu.fr\/index.php?rest_route=\/wp\/v2\/pages"}],"about":[{"href":"https:\/\/art-mu.fr\/index.php?rest_route=\/wp\/v2\/types\/page"}],"author":[{"embeddable":true,"href":"https:\/\/art-mu.fr\/index.php?rest_route=\/wp\/v2\/users\/3"}],"replies":[{"embeddable":true,"href":"https:\/\/art-mu.fr\/index.php?rest_route=%2Fwp%2Fv2%2Fcomments&post=31"}],"version-history":[{"count":134,"href":"https:\/\/art-mu.fr\/index.php?rest_route=\/wp\/v2\/pages\/31\/revisions"}],"predecessor-version":[{"id":7888,"href":"https:\/\/art-mu.fr\/index.php?rest_route=\/wp\/v2\/pages\/31\/revisions\/7888"}],"wp:attachment":[{"href":"https:\/\/art-mu.fr\/index.php?rest_route=%2Fwp%2Fv2%2Fmedia&parent=31"}],"curies":[{"name":"wp","href":"https:\/\/api.w.org\/{rel}","templated":true}]}}