{"id":2579,"date":"2021-08-28T13:45:51","date_gmt":"2021-08-28T11:45:51","guid":{"rendered":"https:\/\/art-mu.fr\/?page_id=2579"},"modified":"2024-10-26T11:58:33","modified_gmt":"2024-10-26T09:58:33","slug":"salon-2010-les-contes-dartmu","status":"publish","type":"page","link":"https:\/\/art-mu.fr\/?page_id=2579","title":{"rendered":"Salon 2010 Les contes d&rsquo;Art&rsquo;Mu"},"content":{"rendered":"\n<p>Du 4 au 29 d\u00e9cembre 2010 a eu lieu cette <a href=\"https:\/\/art-mu.fr\/?page_id=155\" data-type=\"page\" data-id=\"155\">biennale<\/a> organis\u00e9e par l&rsquo;association Art&rsquo;Mu au ch\u00e2teau de Courcelles \u00e0 Montigny-l\u00e8s-Metz qui a r\u00e9uni 42 artistes sur le th\u00e8me des contes.<\/p>\n\n\n\n<ul class=\"wp-block-list\">\n<li>Grand prix de la ville de Montigny-l\u00e8s-Metz : Baptiste Verdoliva pour le Petit Poucet (derni\u00e8re photo ci-dessous)<\/li>\n\n\n\n<li>1er prix : C\u00e9dric Bonfanti pour \u00ab\u00a0le cyclope\u00a0\u00bb<\/li>\n\n\n\n<li>2\u00e8me prix : Sophie Gerl \u00ab\u00a0Il \u00e9tait une fois une plan\u00e8te enchant\u00e9e\u00a0\u00bb<\/li>\n\n\n\n<li>3\u00e8me prix : Robert Alar\u00e7on pour \u00ab\u00a0Pinocchio\u00a0\u00bb<\/li>\n\n\n\n<li>Oeuvres remarqu\u00e9es : Jean-Marie Jenot, Laure-Lise Mulot et Jacqueline Mellinger<\/li>\n<\/ul>\n\n\n\n<p>Invit\u00e9 d&rsquo;honneur : Patrick Delacroix, sculpteur sur m\u00e9tal, laur\u00e9at du prix de la ville de la <a href=\"https:\/\/art-mu.fr\/?page_id=1524\" data-type=\"page\" data-id=\"1524\">biennale pr\u00e9c\u00e9dente<\/a><\/p>\n\n\n\n<p>Un petit aper\u00e7u de l&rsquo;exposition : <\/p>\n\n\n\n<figure class=\"wp-block-gallery has-nested-images columns-2 wp-block-gallery-1 is-layout-flex wp-block-gallery-is-layout-flex\">\n<figure class=\"wp-block-image size-full\"><a href=\"https:\/\/art-mu.fr\/wp-content\/uploads\/2021\/08\/2010salon_01.jpg\"><img fetchpriority=\"high\" decoding=\"async\" width=\"640\" height=\"480\" data-id=\"2580\" src=\"https:\/\/art-mu.fr\/wp-content\/uploads\/2021\/08\/2010salon_01.jpg\" alt=\"\" class=\"wp-image-2580\" srcset=\"https:\/\/art-mu.fr\/wp-content\/uploads\/2021\/08\/2010salon_01.jpg 640w, https:\/\/art-mu.fr\/wp-content\/uploads\/2021\/08\/2010salon_01-300x225.jpg 300w\" sizes=\"(max-width: 640px) 100vw, 640px\" \/><\/a><\/figure>\n\n\n\n<figure class=\"wp-block-image size-full\"><a href=\"https:\/\/art-mu.fr\/wp-content\/uploads\/2021\/08\/2010salon_02.jpg\"><img decoding=\"async\" width=\"640\" height=\"480\" data-id=\"2581\" src=\"https:\/\/art-mu.fr\/wp-content\/uploads\/2021\/08\/2010salon_02.jpg\" alt=\"\" class=\"wp-image-2581\" srcset=\"https:\/\/art-mu.fr\/wp-content\/uploads\/2021\/08\/2010salon_02.jpg 640w, https:\/\/art-mu.fr\/wp-content\/uploads\/2021\/08\/2010salon_02-300x225.jpg 300w\" sizes=\"(max-width: 640px) 100vw, 640px\" \/><\/a><\/figure>\n\n\n\n<figure class=\"wp-block-image size-full\"><a href=\"https:\/\/art-mu.fr\/wp-content\/uploads\/2021\/08\/2010salon_03.jpg\"><img decoding=\"async\" width=\"480\" height=\"640\" data-id=\"2582\" src=\"https:\/\/art-mu.fr\/wp-content\/uploads\/2021\/08\/2010salon_03.jpg\" alt=\"\" class=\"wp-image-2582\" srcset=\"https:\/\/art-mu.fr\/wp-content\/uploads\/2021\/08\/2010salon_03.jpg 480w, https:\/\/art-mu.fr\/wp-content\/uploads\/2021\/08\/2010salon_03-225x300.jpg 225w\" sizes=\"(max-width: 480px) 100vw, 480px\" \/><\/a><\/figure>\n\n\n\n<figure class=\"wp-block-image size-full\"><a href=\"https:\/\/art-mu.fr\/wp-content\/uploads\/2021\/08\/2010salon_05.jpg\"><img loading=\"lazy\" decoding=\"async\" width=\"640\" height=\"428\" data-id=\"2583\" src=\"https:\/\/art-mu.fr\/wp-content\/uploads\/2021\/08\/2010salon_05.jpg\" alt=\"\" class=\"wp-image-2583\" srcset=\"https:\/\/art-mu.fr\/wp-content\/uploads\/2021\/08\/2010salon_05.jpg 640w, https:\/\/art-mu.fr\/wp-content\/uploads\/2021\/08\/2010salon_05-300x201.jpg 300w\" sizes=\"(max-width: 640px) 100vw, 640px\" \/><\/a><\/figure>\n\n\n\n<figure class=\"wp-block-image size-full\"><a href=\"https:\/\/art-mu.fr\/wp-content\/uploads\/2021\/08\/2010salon_07.jpg\"><img loading=\"lazy\" decoding=\"async\" width=\"640\" height=\"480\" data-id=\"2584\" src=\"https:\/\/art-mu.fr\/wp-content\/uploads\/2021\/08\/2010salon_07.jpg\" alt=\"\" class=\"wp-image-2584\" srcset=\"https:\/\/art-mu.fr\/wp-content\/uploads\/2021\/08\/2010salon_07.jpg 640w, https:\/\/art-mu.fr\/wp-content\/uploads\/2021\/08\/2010salon_07-300x225.jpg 300w\" sizes=\"(max-width: 640px) 100vw, 640px\" \/><\/a><\/figure>\n\n\n\n<figure class=\"wp-block-image size-full\"><a href=\"https:\/\/art-mu.fr\/wp-content\/uploads\/2021\/08\/2010salon_10.jpg\"><img loading=\"lazy\" decoding=\"async\" width=\"640\" height=\"480\" data-id=\"2585\" src=\"https:\/\/art-mu.fr\/wp-content\/uploads\/2021\/08\/2010salon_10.jpg\" alt=\"\" class=\"wp-image-2585\" srcset=\"https:\/\/art-mu.fr\/wp-content\/uploads\/2021\/08\/2010salon_10.jpg 640w, https:\/\/art-mu.fr\/wp-content\/uploads\/2021\/08\/2010salon_10-300x225.jpg 300w\" sizes=\"(max-width: 640px) 100vw, 640px\" \/><\/a><\/figure>\n\n\n\n<figure class=\"wp-block-image size-full\"><a href=\"https:\/\/art-mu.fr\/wp-content\/uploads\/2021\/08\/2010salon_11.jpg\"><img loading=\"lazy\" decoding=\"async\" width=\"640\" height=\"480\" data-id=\"2586\" src=\"https:\/\/art-mu.fr\/wp-content\/uploads\/2021\/08\/2010salon_11.jpg\" alt=\"\" class=\"wp-image-2586\" srcset=\"https:\/\/art-mu.fr\/wp-content\/uploads\/2021\/08\/2010salon_11.jpg 640w, https:\/\/art-mu.fr\/wp-content\/uploads\/2021\/08\/2010salon_11-300x225.jpg 300w\" sizes=\"(max-width: 640px) 100vw, 640px\" \/><\/a><\/figure>\n\n\n\n<figure class=\"wp-block-image size-full\"><a href=\"https:\/\/art-mu.fr\/wp-content\/uploads\/2021\/08\/2010salon_12.jpg\"><img loading=\"lazy\" decoding=\"async\" width=\"640\" height=\"428\" data-id=\"2587\" src=\"https:\/\/art-mu.fr\/wp-content\/uploads\/2021\/08\/2010salon_12.jpg\" alt=\"\" class=\"wp-image-2587\" srcset=\"https:\/\/art-mu.fr\/wp-content\/uploads\/2021\/08\/2010salon_12.jpg 640w, https:\/\/art-mu.fr\/wp-content\/uploads\/2021\/08\/2010salon_12-300x201.jpg 300w\" sizes=\"(max-width: 640px) 100vw, 640px\" \/><\/a><\/figure>\n\n\n\n<figure class=\"wp-block-image size-full\"><a href=\"https:\/\/art-mu.fr\/wp-content\/uploads\/2021\/08\/2010salon_13.jpg\"><img loading=\"lazy\" decoding=\"async\" width=\"640\" height=\"480\" data-id=\"2588\" src=\"https:\/\/art-mu.fr\/wp-content\/uploads\/2021\/08\/2010salon_13.jpg\" alt=\"\" class=\"wp-image-2588\" srcset=\"https:\/\/art-mu.fr\/wp-content\/uploads\/2021\/08\/2010salon_13.jpg 640w, https:\/\/art-mu.fr\/wp-content\/uploads\/2021\/08\/2010salon_13-300x225.jpg 300w\" sizes=\"(max-width: 640px) 100vw, 640px\" \/><\/a><\/figure>\n\n\n\n<figure class=\"wp-block-image size-full\"><a href=\"https:\/\/art-mu.fr\/wp-content\/uploads\/2021\/08\/2010salon_14.jpg\"><img loading=\"lazy\" decoding=\"async\" width=\"640\" height=\"428\" data-id=\"2589\" src=\"https:\/\/art-mu.fr\/wp-content\/uploads\/2021\/08\/2010salon_14.jpg\" alt=\"\" class=\"wp-image-2589\" srcset=\"https:\/\/art-mu.fr\/wp-content\/uploads\/2021\/08\/2010salon_14.jpg 640w, https:\/\/art-mu.fr\/wp-content\/uploads\/2021\/08\/2010salon_14-300x201.jpg 300w\" sizes=\"(max-width: 640px) 100vw, 640px\" \/><\/a><\/figure>\n\n\n\n<figure class=\"wp-block-image size-full\"><a href=\"https:\/\/art-mu.fr\/wp-content\/uploads\/2021\/08\/2010salon_15.jpg\"><img loading=\"lazy\" decoding=\"async\" width=\"640\" height=\"480\" data-id=\"2590\" src=\"https:\/\/art-mu.fr\/wp-content\/uploads\/2021\/08\/2010salon_15.jpg\" alt=\"\" class=\"wp-image-2590\" srcset=\"https:\/\/art-mu.fr\/wp-content\/uploads\/2021\/08\/2010salon_15.jpg 640w, https:\/\/art-mu.fr\/wp-content\/uploads\/2021\/08\/2010salon_15-300x225.jpg 300w\" sizes=\"(max-width: 640px) 100vw, 640px\" \/><\/a><\/figure>\n\n\n\n<figure class=\"wp-block-image size-full\"><a href=\"https:\/\/art-mu.fr\/wp-content\/uploads\/2021\/08\/2010salon_16.jpg\"><img loading=\"lazy\" decoding=\"async\" width=\"480\" height=\"640\" data-id=\"2591\" src=\"https:\/\/art-mu.fr\/wp-content\/uploads\/2021\/08\/2010salon_16.jpg\" alt=\"\" class=\"wp-image-2591\" srcset=\"https:\/\/art-mu.fr\/wp-content\/uploads\/2021\/08\/2010salon_16.jpg 480w, https:\/\/art-mu.fr\/wp-content\/uploads\/2021\/08\/2010salon_16-225x300.jpg 225w\" sizes=\"(max-width: 480px) 100vw, 480px\" \/><\/a><\/figure>\n\n\n\n<figure class=\"wp-block-image size-full\"><a href=\"https:\/\/art-mu.fr\/wp-content\/uploads\/2021\/08\/2010salon_20.jpg\"><img loading=\"lazy\" decoding=\"async\" width=\"640\" height=\"428\" data-id=\"2592\" src=\"https:\/\/art-mu.fr\/wp-content\/uploads\/2021\/08\/2010salon_20.jpg\" alt=\"\" class=\"wp-image-2592\" srcset=\"https:\/\/art-mu.fr\/wp-content\/uploads\/2021\/08\/2010salon_20.jpg 640w, https:\/\/art-mu.fr\/wp-content\/uploads\/2021\/08\/2010salon_20-300x201.jpg 300w\" sizes=\"(max-width: 640px) 100vw, 640px\" \/><\/a><\/figure>\n\n\n\n<figure class=\"wp-block-image size-full\"><a href=\"https:\/\/art-mu.fr\/wp-content\/uploads\/2021\/08\/2010salon_22.jpg\"><img loading=\"lazy\" decoding=\"async\" width=\"640\" height=\"480\" data-id=\"2593\" src=\"https:\/\/art-mu.fr\/wp-content\/uploads\/2021\/08\/2010salon_22.jpg\" alt=\"\" class=\"wp-image-2593\" srcset=\"https:\/\/art-mu.fr\/wp-content\/uploads\/2021\/08\/2010salon_22.jpg 640w, https:\/\/art-mu.fr\/wp-content\/uploads\/2021\/08\/2010salon_22-300x225.jpg 300w\" sizes=\"(max-width: 640px) 100vw, 640px\" \/><\/a><\/figure>\n\n\n\n<figure class=\"wp-block-image size-full\"><a href=\"https:\/\/art-mu.fr\/wp-content\/uploads\/2021\/08\/2010salon_23.jpg\"><img loading=\"lazy\" decoding=\"async\" width=\"640\" height=\"428\" data-id=\"2594\" src=\"https:\/\/art-mu.fr\/wp-content\/uploads\/2021\/08\/2010salon_23.jpg\" alt=\"\" class=\"wp-image-2594\" srcset=\"https:\/\/art-mu.fr\/wp-content\/uploads\/2021\/08\/2010salon_23.jpg 640w, https:\/\/art-mu.fr\/wp-content\/uploads\/2021\/08\/2010salon_23-300x201.jpg 300w\" sizes=\"(max-width: 640px) 100vw, 640px\" \/><\/a><\/figure>\n\n\n\n<figure class=\"wp-block-image size-full\"><a href=\"https:\/\/art-mu.fr\/wp-content\/uploads\/2021\/08\/2010salon_24.jpg\"><img loading=\"lazy\" decoding=\"async\" width=\"640\" height=\"480\" data-id=\"2595\" src=\"https:\/\/art-mu.fr\/wp-content\/uploads\/2021\/08\/2010salon_24.jpg\" alt=\"\" class=\"wp-image-2595\" srcset=\"https:\/\/art-mu.fr\/wp-content\/uploads\/2021\/08\/2010salon_24.jpg 640w, https:\/\/art-mu.fr\/wp-content\/uploads\/2021\/08\/2010salon_24-300x225.jpg 300w\" sizes=\"(max-width: 640px) 100vw, 640px\" \/><\/a><\/figure>\n\n\n\n<figure class=\"wp-block-image size-full\"><a href=\"https:\/\/art-mu.fr\/wp-content\/uploads\/2021\/08\/2010salon_25.jpg\"><img loading=\"lazy\" decoding=\"async\" width=\"480\" height=\"640\" data-id=\"2596\" src=\"https:\/\/art-mu.fr\/wp-content\/uploads\/2021\/08\/2010salon_25.jpg\" alt=\"\" class=\"wp-image-2596\" srcset=\"https:\/\/art-mu.fr\/wp-content\/uploads\/2021\/08\/2010salon_25.jpg 480w, https:\/\/art-mu.fr\/wp-content\/uploads\/2021\/08\/2010salon_25-225x300.jpg 225w\" sizes=\"(max-width: 480px) 100vw, 480px\" \/><\/a><\/figure>\n\n\n\n<figure class=\"wp-block-image size-full\"><a href=\"https:\/\/art-mu.fr\/wp-content\/uploads\/2021\/08\/2010salon_26.jpg\"><img loading=\"lazy\" decoding=\"async\" width=\"480\" height=\"640\" data-id=\"2597\" src=\"https:\/\/art-mu.fr\/wp-content\/uploads\/2021\/08\/2010salon_26.jpg\" alt=\"\" class=\"wp-image-2597\" srcset=\"https:\/\/art-mu.fr\/wp-content\/uploads\/2021\/08\/2010salon_26.jpg 480w, https:\/\/art-mu.fr\/wp-content\/uploads\/2021\/08\/2010salon_26-225x300.jpg 225w\" sizes=\"(max-width: 480px) 100vw, 480px\" \/><\/a><\/figure>\n\n\n\n<figure class=\"wp-block-image size-full\"><a href=\"https:\/\/art-mu.fr\/wp-content\/uploads\/2021\/08\/2010salon_27.jpg\"><img loading=\"lazy\" decoding=\"async\" width=\"480\" height=\"640\" data-id=\"2598\" src=\"https:\/\/art-mu.fr\/wp-content\/uploads\/2021\/08\/2010salon_27.jpg\" alt=\"\" class=\"wp-image-2598\" srcset=\"https:\/\/art-mu.fr\/wp-content\/uploads\/2021\/08\/2010salon_27.jpg 480w, https:\/\/art-mu.fr\/wp-content\/uploads\/2021\/08\/2010salon_27-225x300.jpg 225w\" sizes=\"(max-width: 480px) 100vw, 480px\" \/><\/a><\/figure>\n\n\n\n<figure class=\"wp-block-image size-full\"><a href=\"https:\/\/art-mu.fr\/wp-content\/uploads\/2021\/08\/2010salon_28.jpg\"><img loading=\"lazy\" decoding=\"async\" width=\"480\" height=\"640\" data-id=\"2599\" src=\"https:\/\/art-mu.fr\/wp-content\/uploads\/2021\/08\/2010salon_28.jpg\" alt=\"\" class=\"wp-image-2599\" srcset=\"https:\/\/art-mu.fr\/wp-content\/uploads\/2021\/08\/2010salon_28.jpg 480w, https:\/\/art-mu.fr\/wp-content\/uploads\/2021\/08\/2010salon_28-225x300.jpg 225w\" sizes=\"(max-width: 480px) 100vw, 480px\" \/><\/a><\/figure>\n\n\n\n<figure class=\"wp-block-image size-full\"><a href=\"https:\/\/art-mu.fr\/wp-content\/uploads\/2021\/08\/2010salon_29.jpg\"><img loading=\"lazy\" decoding=\"async\" width=\"640\" height=\"480\" data-id=\"2600\" src=\"https:\/\/art-mu.fr\/wp-content\/uploads\/2021\/08\/2010salon_29.jpg\" alt=\"\" class=\"wp-image-2600\" srcset=\"https:\/\/art-mu.fr\/wp-content\/uploads\/2021\/08\/2010salon_29.jpg 640w, https:\/\/art-mu.fr\/wp-content\/uploads\/2021\/08\/2010salon_29-300x225.jpg 300w\" sizes=\"(max-width: 640px) 100vw, 640px\" \/><\/a><\/figure>\n\n\n\n<figure class=\"wp-block-image size-full\"><a href=\"https:\/\/art-mu.fr\/wp-content\/uploads\/2021\/08\/2010salon_30.jpg\"><img loading=\"lazy\" decoding=\"async\" width=\"640\" height=\"480\" data-id=\"2601\" src=\"https:\/\/art-mu.fr\/wp-content\/uploads\/2021\/08\/2010salon_30.jpg\" alt=\"\" class=\"wp-image-2601\" srcset=\"https:\/\/art-mu.fr\/wp-content\/uploads\/2021\/08\/2010salon_30.jpg 640w, https:\/\/art-mu.fr\/wp-content\/uploads\/2021\/08\/2010salon_30-300x225.jpg 300w\" sizes=\"(max-width: 640px) 100vw, 640px\" \/><\/a><\/figure>\n\n\n\n<figure class=\"wp-block-image size-full\"><a href=\"https:\/\/art-mu.fr\/wp-content\/uploads\/2021\/08\/2010salon_31.jpg\"><img loading=\"lazy\" decoding=\"async\" width=\"640\" height=\"480\" data-id=\"2602\" src=\"https:\/\/art-mu.fr\/wp-content\/uploads\/2021\/08\/2010salon_31.jpg\" alt=\"\" class=\"wp-image-2602\" srcset=\"https:\/\/art-mu.fr\/wp-content\/uploads\/2021\/08\/2010salon_31.jpg 640w, https:\/\/art-mu.fr\/wp-content\/uploads\/2021\/08\/2010salon_31-300x225.jpg 300w\" sizes=\"(max-width: 640px) 100vw, 640px\" \/><\/a><\/figure>\n\n\n\n<figure class=\"wp-block-image size-full\"><a href=\"https:\/\/art-mu.fr\/wp-content\/uploads\/2021\/08\/2010salon_32.jpg\"><img loading=\"lazy\" decoding=\"async\" width=\"640\" height=\"480\" data-id=\"2603\" src=\"https:\/\/art-mu.fr\/wp-content\/uploads\/2021\/08\/2010salon_32.jpg\" alt=\"\" class=\"wp-image-2603\" srcset=\"https:\/\/art-mu.fr\/wp-content\/uploads\/2021\/08\/2010salon_32.jpg 640w, https:\/\/art-mu.fr\/wp-content\/uploads\/2021\/08\/2010salon_32-300x225.jpg 300w\" sizes=\"(max-width: 640px) 100vw, 640px\" \/><\/a><\/figure>\n\n\n\n<figure class=\"wp-block-image size-full\"><a href=\"https:\/\/art-mu.fr\/wp-content\/uploads\/2021\/08\/2010salon_33.jpg\"><img loading=\"lazy\" decoding=\"async\" width=\"480\" height=\"640\" data-id=\"2604\" src=\"https:\/\/art-mu.fr\/wp-content\/uploads\/2021\/08\/2010salon_33.jpg\" alt=\"\" class=\"wp-image-2604\" srcset=\"https:\/\/art-mu.fr\/wp-content\/uploads\/2021\/08\/2010salon_33.jpg 480w, https:\/\/art-mu.fr\/wp-content\/uploads\/2021\/08\/2010salon_33-225x300.jpg 225w\" sizes=\"(max-width: 480px) 100vw, 480px\" \/><\/a><\/figure>\n\n\n\n<figure class=\"wp-block-image size-full\"><a href=\"https:\/\/art-mu.fr\/wp-content\/uploads\/2021\/08\/2010salon_34.jpg\"><img loading=\"lazy\" decoding=\"async\" width=\"480\" height=\"640\" data-id=\"2605\" src=\"https:\/\/art-mu.fr\/wp-content\/uploads\/2021\/08\/2010salon_34.jpg\" alt=\"\" class=\"wp-image-2605\" srcset=\"https:\/\/art-mu.fr\/wp-content\/uploads\/2021\/08\/2010salon_34.jpg 480w, https:\/\/art-mu.fr\/wp-content\/uploads\/2021\/08\/2010salon_34-225x300.jpg 225w\" sizes=\"(max-width: 480px) 100vw, 480px\" \/><\/a><\/figure>\n\n\n\n<figure class=\"wp-block-image size-full\"><a href=\"https:\/\/art-mu.fr\/wp-content\/uploads\/2021\/08\/2010salon_35.jpg\"><img loading=\"lazy\" decoding=\"async\" width=\"480\" height=\"640\" data-id=\"2606\" src=\"https:\/\/art-mu.fr\/wp-content\/uploads\/2021\/08\/2010salon_35.jpg\" alt=\"\" class=\"wp-image-2606\" srcset=\"https:\/\/art-mu.fr\/wp-content\/uploads\/2021\/08\/2010salon_35.jpg 480w, https:\/\/art-mu.fr\/wp-content\/uploads\/2021\/08\/2010salon_35-225x300.jpg 225w\" sizes=\"(max-width: 480px) 100vw, 480px\" \/><\/a><\/figure>\n\n\n\n<figure class=\"wp-block-image size-full\"><a href=\"https:\/\/art-mu.fr\/wp-content\/uploads\/2021\/08\/2010salon_50.jpg\"><img loading=\"lazy\" decoding=\"async\" width=\"428\" height=\"640\" data-id=\"2607\" src=\"https:\/\/art-mu.fr\/wp-content\/uploads\/2021\/08\/2010salon_50.jpg\" alt=\"\" class=\"wp-image-2607\" srcset=\"https:\/\/art-mu.fr\/wp-content\/uploads\/2021\/08\/2010salon_50.jpg 428w, https:\/\/art-mu.fr\/wp-content\/uploads\/2021\/08\/2010salon_50-201x300.jpg 201w\" sizes=\"(max-width: 428px) 100vw, 428px\" \/><\/a><\/figure>\n<\/figure>\n\n\n\n<p>Vers <a href=\"https:\/\/art-mu.fr\/?page_id=2398\" data-type=\"page\" data-id=\"2398\">le salon 2012<\/a> ou retour <a href=\"https:\/\/art-mu.fr\/?page_id=155\" data-type=\"page\" data-id=\"155\">page g\u00e9n\u00e9rale des salons biennaux<\/a><\/p>\n\n\n\n<div class=\"wp-block-buttons is-content-justification-center is-layout-flex wp-block-buttons-is-layout-flex\">\n<div class=\"wp-block-button is-style-outline is-style-outline--2\"><a class=\"wp-block-button__link has-blue-color has-light-gray-background-color has-text-color has-background\" href=\"#\">Retour au haut de page<\/a><\/div>\n<\/div>\n","protected":false},"excerpt":{"rendered":"<p>Du 4 au 29 d\u00e9cembre 2010 a eu lieu cette biennale organis\u00e9e par l&rsquo;association Art&rsquo;Mu au ch\u00e2teau de Courcelles \u00e0 Montigny-l\u00e8s-Metz qui a r\u00e9uni 42 artistes sur le th\u00e8me des contes. Invit\u00e9 d&rsquo;honneur : Patrick Delacroix, sculpteur sur m\u00e9tal, laur\u00e9at du prix de la ville de la biennale pr\u00e9c\u00e9dente Un petit aper\u00e7u de l&rsquo;exposition : [&hellip;]<\/p>\n","protected":false},"author":3,"featured_media":0,"parent":155,"menu_order":3,"comment_status":"closed","ping_status":"closed","template":"","meta":{"footnotes":""},"class_list":["post-2579","page","type-page","status-publish","hentry"],"_links":{"self":[{"href":"https:\/\/art-mu.fr\/index.php?rest_route=\/wp\/v2\/pages\/2579","targetHints":{"allow":["GET"]}}],"collection":[{"href":"https:\/\/art-mu.fr\/index.php?rest_route=\/wp\/v2\/pages"}],"about":[{"href":"https:\/\/art-mu.fr\/index.php?rest_route=\/wp\/v2\/types\/page"}],"author":[{"embeddable":true,"href":"https:\/\/art-mu.fr\/index.php?rest_route=\/wp\/v2\/users\/3"}],"replies":[{"embeddable":true,"href":"https:\/\/art-mu.fr\/index.php?rest_route=%2Fwp%2Fv2%2Fcomments&post=2579"}],"version-history":[{"count":3,"href":"https:\/\/art-mu.fr\/index.php?rest_route=\/wp\/v2\/pages\/2579\/revisions"}],"predecessor-version":[{"id":7201,"href":"https:\/\/art-mu.fr\/index.php?rest_route=\/wp\/v2\/pages\/2579\/revisions\/7201"}],"up":[{"embeddable":true,"href":"https:\/\/art-mu.fr\/index.php?rest_route=\/wp\/v2\/pages\/155"}],"wp:attachment":[{"href":"https:\/\/art-mu.fr\/index.php?rest_route=%2Fwp%2Fv2%2Fmedia&parent=2579"}],"curies":[{"name":"wp","href":"https:\/\/api.w.org\/{rel}","templated":true}]}}