{"id":1953,"date":"2021-08-22T16:48:54","date_gmt":"2021-08-22T14:48:54","guid":{"rendered":"https:\/\/art-mu.fr\/?page_id=1953"},"modified":"2021-08-29T11:18:57","modified_gmt":"2021-08-29T09:18:57","slug":"journee-cuisson-raku-2019","status":"publish","type":"page","link":"https:\/\/art-mu.fr\/?page_id=1953","title":{"rendered":"Journ\u00e9e cuisson raku 2018"},"content":{"rendered":"\n<p>Retour \u00e0 Lorry-l\u00e8s-Metz pour cette troisi\u00e8me <a href=\"https:\/\/art-mu.fr\/?page_id=597\" data-type=\"page\" data-id=\"597\">journ\u00e9e de cuisson raku<\/a>, toujours sous la houlette de Jacques Bena, ma\u00eetre de l&rsquo;\u00e9maillage, de la cuisson et de l&rsquo;enfumage des pi\u00e8ces permettant de leur donner ces fameuses craquelures fum\u00e9es de noir.<\/p>\n\n\n\n<p>13 participants autour du four mais \u00e9galement autour de la table \u00e0 midi pour un repas partag\u00e9.<\/p>\n\n\n\n<figure class=\"wp-block-gallery columns-2 wp-block-gallery-1 is-layout-flex wp-block-gallery-is-layout-flex\"><ul class=\"blocks-gallery-grid\"><li class=\"blocks-gallery-item\"><figure><a href=\"https:\/\/art-mu.fr\/wp-content\/uploads\/2021\/08\/2018raku01.jpg\"><img fetchpriority=\"high\" decoding=\"async\" width=\"1024\" height=\"927\" src=\"https:\/\/art-mu.fr\/wp-content\/uploads\/2021\/08\/2018raku01-1024x927.jpg\" alt=\"\" data-id=\"1954\" data-full-url=\"https:\/\/art-mu.fr\/wp-content\/uploads\/2021\/08\/2018raku01.jpg\" data-link=\"https:\/\/art-mu.fr\/?attachment_id=1954\" class=\"wp-image-1954\" srcset=\"https:\/\/art-mu.fr\/wp-content\/uploads\/2021\/08\/2018raku01-1024x927.jpg 1024w, https:\/\/art-mu.fr\/wp-content\/uploads\/2021\/08\/2018raku01-300x272.jpg 300w, https:\/\/art-mu.fr\/wp-content\/uploads\/2021\/08\/2018raku01-768x695.jpg 768w, https:\/\/art-mu.fr\/wp-content\/uploads\/2021\/08\/2018raku01.jpg 1280w\" sizes=\"(max-width: 1024px) 100vw, 1024px\" \/><\/a><\/figure><\/li><li class=\"blocks-gallery-item\"><figure><a href=\"https:\/\/art-mu.fr\/wp-content\/uploads\/2021\/08\/2018raku02.jpg\"><img decoding=\"async\" width=\"1024\" height=\"768\" src=\"https:\/\/art-mu.fr\/wp-content\/uploads\/2021\/08\/2018raku02-1024x768.jpg\" alt=\"\" data-id=\"1955\" data-full-url=\"https:\/\/art-mu.fr\/wp-content\/uploads\/2021\/08\/2018raku02.jpg\" data-link=\"https:\/\/art-mu.fr\/?attachment_id=1955\" class=\"wp-image-1955\" srcset=\"https:\/\/art-mu.fr\/wp-content\/uploads\/2021\/08\/2018raku02-1024x768.jpg 1024w, https:\/\/art-mu.fr\/wp-content\/uploads\/2021\/08\/2018raku02-300x225.jpg 300w, https:\/\/art-mu.fr\/wp-content\/uploads\/2021\/08\/2018raku02-768x576.jpg 768w, https:\/\/art-mu.fr\/wp-content\/uploads\/2021\/08\/2018raku02.jpg 1280w\" sizes=\"(max-width: 1024px) 100vw, 1024px\" \/><\/a><\/figure><\/li><li class=\"blocks-gallery-item\"><figure><a href=\"https:\/\/art-mu.fr\/wp-content\/uploads\/2021\/08\/2018raku03.jpg\"><img decoding=\"async\" width=\"768\" height=\"1024\" src=\"https:\/\/art-mu.fr\/wp-content\/uploads\/2021\/08\/2018raku03-768x1024.jpg\" alt=\"\" data-id=\"1956\" data-full-url=\"https:\/\/art-mu.fr\/wp-content\/uploads\/2021\/08\/2018raku03.jpg\" data-link=\"https:\/\/art-mu.fr\/?attachment_id=1956\" class=\"wp-image-1956\" srcset=\"https:\/\/art-mu.fr\/wp-content\/uploads\/2021\/08\/2018raku03-768x1024.jpg 768w, https:\/\/art-mu.fr\/wp-content\/uploads\/2021\/08\/2018raku03-225x300.jpg 225w, https:\/\/art-mu.fr\/wp-content\/uploads\/2021\/08\/2018raku03.jpg 960w\" sizes=\"(max-width: 768px) 100vw, 768px\" \/><\/a><\/figure><\/li><li class=\"blocks-gallery-item\"><figure><a href=\"https:\/\/art-mu.fr\/wp-content\/uploads\/2021\/08\/2018raku04.jpg\"><img loading=\"lazy\" decoding=\"async\" width=\"768\" height=\"1024\" src=\"https:\/\/art-mu.fr\/wp-content\/uploads\/2021\/08\/2018raku04-768x1024.jpg\" alt=\"\" data-id=\"1957\" data-full-url=\"https:\/\/art-mu.fr\/wp-content\/uploads\/2021\/08\/2018raku04.jpg\" data-link=\"https:\/\/art-mu.fr\/?attachment_id=1957\" class=\"wp-image-1957\" srcset=\"https:\/\/art-mu.fr\/wp-content\/uploads\/2021\/08\/2018raku04-768x1024.jpg 768w, https:\/\/art-mu.fr\/wp-content\/uploads\/2021\/08\/2018raku04-225x300.jpg 225w, https:\/\/art-mu.fr\/wp-content\/uploads\/2021\/08\/2018raku04.jpg 960w\" sizes=\"(max-width: 768px) 100vw, 768px\" \/><\/a><\/figure><\/li><li class=\"blocks-gallery-item\"><figure><a href=\"https:\/\/art-mu.fr\/wp-content\/uploads\/2021\/08\/2018raku05.jpg\"><img loading=\"lazy\" decoding=\"async\" width=\"1024\" height=\"682\" src=\"https:\/\/art-mu.fr\/wp-content\/uploads\/2021\/08\/2018raku05-1024x682.jpg\" alt=\"\" data-id=\"1958\" data-full-url=\"https:\/\/art-mu.fr\/wp-content\/uploads\/2021\/08\/2018raku05.jpg\" data-link=\"https:\/\/art-mu.fr\/?attachment_id=1958\" class=\"wp-image-1958\" srcset=\"https:\/\/art-mu.fr\/wp-content\/uploads\/2021\/08\/2018raku05-1024x682.jpg 1024w, https:\/\/art-mu.fr\/wp-content\/uploads\/2021\/08\/2018raku05-300x200.jpg 300w, https:\/\/art-mu.fr\/wp-content\/uploads\/2021\/08\/2018raku05-768x512.jpg 768w, https:\/\/art-mu.fr\/wp-content\/uploads\/2021\/08\/2018raku05.jpg 1280w\" sizes=\"(max-width: 1024px) 100vw, 1024px\" \/><\/a><\/figure><\/li><li class=\"blocks-gallery-item\"><figure><a href=\"https:\/\/art-mu.fr\/wp-content\/uploads\/2021\/08\/2018raku06.jpg\"><img loading=\"lazy\" decoding=\"async\" width=\"511\" height=\"960\" src=\"https:\/\/art-mu.fr\/wp-content\/uploads\/2021\/08\/2018raku06.jpg\" alt=\"\" data-id=\"1959\" data-full-url=\"https:\/\/art-mu.fr\/wp-content\/uploads\/2021\/08\/2018raku06.jpg\" data-link=\"https:\/\/art-mu.fr\/?attachment_id=1959\" class=\"wp-image-1959\" srcset=\"https:\/\/art-mu.fr\/wp-content\/uploads\/2021\/08\/2018raku06.jpg 511w, https:\/\/art-mu.fr\/wp-content\/uploads\/2021\/08\/2018raku06-160x300.jpg 160w\" sizes=\"(max-width: 511px) 100vw, 511px\" \/><\/a><\/figure><\/li><li class=\"blocks-gallery-item\"><figure><a href=\"https:\/\/art-mu.fr\/wp-content\/uploads\/2021\/08\/2018raku09.jpg\"><img loading=\"lazy\" decoding=\"async\" width=\"640\" height=\"960\" src=\"https:\/\/art-mu.fr\/wp-content\/uploads\/2021\/08\/2018raku09.jpg\" alt=\"\" data-id=\"1960\" data-full-url=\"https:\/\/art-mu.fr\/wp-content\/uploads\/2021\/08\/2018raku09.jpg\" data-link=\"https:\/\/art-mu.fr\/?attachment_id=1960\" class=\"wp-image-1960\" srcset=\"https:\/\/art-mu.fr\/wp-content\/uploads\/2021\/08\/2018raku09.jpg 640w, https:\/\/art-mu.fr\/wp-content\/uploads\/2021\/08\/2018raku09-200x300.jpg 200w\" sizes=\"(max-width: 640px) 100vw, 640px\" \/><\/a><\/figure><\/li><li class=\"blocks-gallery-item\"><figure><a href=\"https:\/\/art-mu.fr\/wp-content\/uploads\/2021\/08\/2018raku10.jpg\"><img loading=\"lazy\" decoding=\"async\" width=\"720\" height=\"960\" src=\"https:\/\/art-mu.fr\/wp-content\/uploads\/2021\/08\/2018raku10.jpg\" alt=\"\" data-id=\"1961\" data-full-url=\"https:\/\/art-mu.fr\/wp-content\/uploads\/2021\/08\/2018raku10.jpg\" data-link=\"https:\/\/art-mu.fr\/?attachment_id=1961\" class=\"wp-image-1961\" srcset=\"https:\/\/art-mu.fr\/wp-content\/uploads\/2021\/08\/2018raku10.jpg 720w, https:\/\/art-mu.fr\/wp-content\/uploads\/2021\/08\/2018raku10-225x300.jpg 225w\" sizes=\"(max-width: 720px) 100vw, 720px\" \/><\/a><\/figure><\/li><li class=\"blocks-gallery-item\"><figure><a href=\"https:\/\/art-mu.fr\/wp-content\/uploads\/2021\/08\/2018raku11.jpg\"><img loading=\"lazy\" decoding=\"async\" width=\"768\" height=\"1024\" src=\"https:\/\/art-mu.fr\/wp-content\/uploads\/2021\/08\/2018raku11-768x1024.jpg\" alt=\"\" data-id=\"1962\" data-full-url=\"https:\/\/art-mu.fr\/wp-content\/uploads\/2021\/08\/2018raku11.jpg\" data-link=\"https:\/\/art-mu.fr\/?attachment_id=1962\" class=\"wp-image-1962\" srcset=\"https:\/\/art-mu.fr\/wp-content\/uploads\/2021\/08\/2018raku11-768x1024.jpg 768w, https:\/\/art-mu.fr\/wp-content\/uploads\/2021\/08\/2018raku11-225x300.jpg 225w, https:\/\/art-mu.fr\/wp-content\/uploads\/2021\/08\/2018raku11.jpg 960w\" sizes=\"(max-width: 768px) 100vw, 768px\" \/><\/a><\/figure><\/li><li class=\"blocks-gallery-item\"><figure><a href=\"https:\/\/art-mu.fr\/wp-content\/uploads\/2021\/08\/2018raku12.jpg\"><img loading=\"lazy\" decoding=\"async\" width=\"640\" height=\"960\" src=\"https:\/\/art-mu.fr\/wp-content\/uploads\/2021\/08\/2018raku12.jpg\" alt=\"\" data-id=\"1963\" data-full-url=\"https:\/\/art-mu.fr\/wp-content\/uploads\/2021\/08\/2018raku12.jpg\" data-link=\"https:\/\/art-mu.fr\/?attachment_id=1963\" class=\"wp-image-1963\" srcset=\"https:\/\/art-mu.fr\/wp-content\/uploads\/2021\/08\/2018raku12.jpg 640w, https:\/\/art-mu.fr\/wp-content\/uploads\/2021\/08\/2018raku12-200x300.jpg 200w\" sizes=\"(max-width: 640px) 100vw, 640px\" \/><\/a><\/figure><\/li><li class=\"blocks-gallery-item\"><figure><a href=\"https:\/\/art-mu.fr\/wp-content\/uploads\/2021\/08\/2018raku13.jpg\"><img loading=\"lazy\" decoding=\"async\" width=\"1024\" height=\"768\" src=\"https:\/\/art-mu.fr\/wp-content\/uploads\/2021\/08\/2018raku13-1024x768.jpg\" alt=\"\" data-id=\"1964\" data-full-url=\"https:\/\/art-mu.fr\/wp-content\/uploads\/2021\/08\/2018raku13.jpg\" data-link=\"https:\/\/art-mu.fr\/?attachment_id=1964\" class=\"wp-image-1964\" srcset=\"https:\/\/art-mu.fr\/wp-content\/uploads\/2021\/08\/2018raku13-1024x768.jpg 1024w, https:\/\/art-mu.fr\/wp-content\/uploads\/2021\/08\/2018raku13-300x225.jpg 300w, https:\/\/art-mu.fr\/wp-content\/uploads\/2021\/08\/2018raku13-768x576.jpg 768w, https:\/\/art-mu.fr\/wp-content\/uploads\/2021\/08\/2018raku13.jpg 1280w\" sizes=\"(max-width: 1024px) 100vw, 1024px\" \/><\/a><\/figure><\/li><li class=\"blocks-gallery-item\"><figure><a href=\"https:\/\/art-mu.fr\/wp-content\/uploads\/2021\/08\/2018raku14.jpg\"><img loading=\"lazy\" decoding=\"async\" width=\"1024\" height=\"768\" src=\"https:\/\/art-mu.fr\/wp-content\/uploads\/2021\/08\/2018raku14-1024x768.jpg\" alt=\"\" data-id=\"1965\" data-full-url=\"https:\/\/art-mu.fr\/wp-content\/uploads\/2021\/08\/2018raku14.jpg\" data-link=\"https:\/\/art-mu.fr\/?attachment_id=1965\" class=\"wp-image-1965\" srcset=\"https:\/\/art-mu.fr\/wp-content\/uploads\/2021\/08\/2018raku14-1024x768.jpg 1024w, https:\/\/art-mu.fr\/wp-content\/uploads\/2021\/08\/2018raku14-300x225.jpg 300w, https:\/\/art-mu.fr\/wp-content\/uploads\/2021\/08\/2018raku14-768x576.jpg 768w, https:\/\/art-mu.fr\/wp-content\/uploads\/2021\/08\/2018raku14.jpg 1280w\" sizes=\"(max-width: 1024px) 100vw, 1024px\" \/><\/a><\/figure><\/li><li class=\"blocks-gallery-item\"><figure><a href=\"https:\/\/art-mu.fr\/wp-content\/uploads\/2021\/08\/2018raku15.jpg\"><img loading=\"lazy\" decoding=\"async\" width=\"1024\" height=\"768\" src=\"https:\/\/art-mu.fr\/wp-content\/uploads\/2021\/08\/2018raku15-1024x768.jpg\" alt=\"\" data-id=\"1966\" data-full-url=\"https:\/\/art-mu.fr\/wp-content\/uploads\/2021\/08\/2018raku15.jpg\" data-link=\"https:\/\/art-mu.fr\/?attachment_id=1966\" class=\"wp-image-1966\" srcset=\"https:\/\/art-mu.fr\/wp-content\/uploads\/2021\/08\/2018raku15-1024x768.jpg 1024w, https:\/\/art-mu.fr\/wp-content\/uploads\/2021\/08\/2018raku15-300x225.jpg 300w, https:\/\/art-mu.fr\/wp-content\/uploads\/2021\/08\/2018raku15-768x576.jpg 768w, https:\/\/art-mu.fr\/wp-content\/uploads\/2021\/08\/2018raku15.jpg 1280w\" sizes=\"(max-width: 1024px) 100vw, 1024px\" \/><\/a><\/figure><\/li><li class=\"blocks-gallery-item\"><figure><a href=\"https:\/\/art-mu.fr\/wp-content\/uploads\/2021\/08\/2018raku16.jpg\"><img loading=\"lazy\" decoding=\"async\" width=\"1024\" height=\"703\" src=\"https:\/\/art-mu.fr\/wp-content\/uploads\/2021\/08\/2018raku16-1024x703.jpg\" alt=\"\" data-id=\"1967\" data-full-url=\"https:\/\/art-mu.fr\/wp-content\/uploads\/2021\/08\/2018raku16.jpg\" data-link=\"https:\/\/art-mu.fr\/?attachment_id=1967\" class=\"wp-image-1967\" srcset=\"https:\/\/art-mu.fr\/wp-content\/uploads\/2021\/08\/2018raku16-1024x703.jpg 1024w, https:\/\/art-mu.fr\/wp-content\/uploads\/2021\/08\/2018raku16-300x206.jpg 300w, https:\/\/art-mu.fr\/wp-content\/uploads\/2021\/08\/2018raku16-768x527.jpg 768w, https:\/\/art-mu.fr\/wp-content\/uploads\/2021\/08\/2018raku16.jpg 1280w\" sizes=\"(max-width: 1024px) 100vw, 1024px\" \/><\/a><\/figure><\/li><li class=\"blocks-gallery-item\"><figure><a href=\"https:\/\/art-mu.fr\/wp-content\/uploads\/2021\/08\/2018raku17.jpg\"><img loading=\"lazy\" decoding=\"async\" width=\"1024\" height=\"658\" src=\"https:\/\/art-mu.fr\/wp-content\/uploads\/2021\/08\/2018raku17-1024x658.jpg\" alt=\"\" data-id=\"1968\" data-full-url=\"https:\/\/art-mu.fr\/wp-content\/uploads\/2021\/08\/2018raku17.jpg\" data-link=\"https:\/\/art-mu.fr\/?attachment_id=1968\" class=\"wp-image-1968\" srcset=\"https:\/\/art-mu.fr\/wp-content\/uploads\/2021\/08\/2018raku17-1024x658.jpg 1024w, https:\/\/art-mu.fr\/wp-content\/uploads\/2021\/08\/2018raku17-300x193.jpg 300w, https:\/\/art-mu.fr\/wp-content\/uploads\/2021\/08\/2018raku17-768x494.jpg 768w, https:\/\/art-mu.fr\/wp-content\/uploads\/2021\/08\/2018raku17.jpg 1280w\" sizes=\"(max-width: 1024px) 100vw, 1024px\" \/><\/a><\/figure><\/li><li class=\"blocks-gallery-item\"><figure><a href=\"https:\/\/art-mu.fr\/wp-content\/uploads\/2021\/08\/2018raku18.jpg\"><img loading=\"lazy\" decoding=\"async\" width=\"1024\" height=\"768\" src=\"https:\/\/art-mu.fr\/wp-content\/uploads\/2021\/08\/2018raku18-1024x768.jpg\" alt=\"\" data-id=\"1969\" data-full-url=\"https:\/\/art-mu.fr\/wp-content\/uploads\/2021\/08\/2018raku18.jpg\" data-link=\"https:\/\/art-mu.fr\/?attachment_id=1969\" class=\"wp-image-1969\" srcset=\"https:\/\/art-mu.fr\/wp-content\/uploads\/2021\/08\/2018raku18-1024x768.jpg 1024w, https:\/\/art-mu.fr\/wp-content\/uploads\/2021\/08\/2018raku18-300x225.jpg 300w, https:\/\/art-mu.fr\/wp-content\/uploads\/2021\/08\/2018raku18-768x576.jpg 768w, https:\/\/art-mu.fr\/wp-content\/uploads\/2021\/08\/2018raku18.jpg 1280w\" sizes=\"(max-width: 1024px) 100vw, 1024px\" \/><\/a><\/figure><\/li><li class=\"blocks-gallery-item\"><figure><a href=\"https:\/\/art-mu.fr\/wp-content\/uploads\/2021\/08\/2018raku19.jpg\"><img loading=\"lazy\" decoding=\"async\" width=\"1024\" height=\"768\" src=\"https:\/\/art-mu.fr\/wp-content\/uploads\/2021\/08\/2018raku19-1024x768.jpg\" alt=\"\" data-id=\"1970\" data-full-url=\"https:\/\/art-mu.fr\/wp-content\/uploads\/2021\/08\/2018raku19.jpg\" data-link=\"https:\/\/art-mu.fr\/?attachment_id=1970\" class=\"wp-image-1970\" srcset=\"https:\/\/art-mu.fr\/wp-content\/uploads\/2021\/08\/2018raku19-1024x768.jpg 1024w, https:\/\/art-mu.fr\/wp-content\/uploads\/2021\/08\/2018raku19-300x225.jpg 300w, https:\/\/art-mu.fr\/wp-content\/uploads\/2021\/08\/2018raku19-768x576.jpg 768w, https:\/\/art-mu.fr\/wp-content\/uploads\/2021\/08\/2018raku19.jpg 1280w\" sizes=\"(max-width: 1024px) 100vw, 1024px\" \/><\/a><\/figure><\/li><li class=\"blocks-gallery-item\"><figure><a href=\"https:\/\/art-mu.fr\/wp-content\/uploads\/2021\/08\/2018raku20.jpg\"><img loading=\"lazy\" decoding=\"async\" width=\"720\" height=\"960\" src=\"https:\/\/art-mu.fr\/wp-content\/uploads\/2021\/08\/2018raku20.jpg\" alt=\"\" data-id=\"1971\" data-full-url=\"https:\/\/art-mu.fr\/wp-content\/uploads\/2021\/08\/2018raku20.jpg\" data-link=\"https:\/\/art-mu.fr\/?attachment_id=1971\" class=\"wp-image-1971\" srcset=\"https:\/\/art-mu.fr\/wp-content\/uploads\/2021\/08\/2018raku20.jpg 720w, https:\/\/art-mu.fr\/wp-content\/uploads\/2021\/08\/2018raku20-225x300.jpg 225w\" sizes=\"(max-width: 720px) 100vw, 720px\" \/><\/a><\/figure><\/li><li class=\"blocks-gallery-item\"><figure><a href=\"https:\/\/art-mu.fr\/wp-content\/uploads\/2021\/08\/2018raku21.jpg\"><img loading=\"lazy\" decoding=\"async\" width=\"720\" height=\"960\" src=\"https:\/\/art-mu.fr\/wp-content\/uploads\/2021\/08\/2018raku21.jpg\" alt=\"\" data-id=\"1972\" data-full-url=\"https:\/\/art-mu.fr\/wp-content\/uploads\/2021\/08\/2018raku21.jpg\" data-link=\"https:\/\/art-mu.fr\/?attachment_id=1972\" class=\"wp-image-1972\" srcset=\"https:\/\/art-mu.fr\/wp-content\/uploads\/2021\/08\/2018raku21.jpg 720w, https:\/\/art-mu.fr\/wp-content\/uploads\/2021\/08\/2018raku21-225x300.jpg 225w\" sizes=\"(max-width: 720px) 100vw, 720px\" \/><\/a><\/figure><\/li><li class=\"blocks-gallery-item\"><figure><a href=\"https:\/\/art-mu.fr\/wp-content\/uploads\/2021\/08\/2018raku22.jpg\"><img loading=\"lazy\" decoding=\"async\" width=\"720\" height=\"960\" src=\"https:\/\/art-mu.fr\/wp-content\/uploads\/2021\/08\/2018raku22.jpg\" alt=\"\" data-id=\"1973\" data-full-url=\"https:\/\/art-mu.fr\/wp-content\/uploads\/2021\/08\/2018raku22.jpg\" data-link=\"https:\/\/art-mu.fr\/?attachment_id=1973\" class=\"wp-image-1973\" srcset=\"https:\/\/art-mu.fr\/wp-content\/uploads\/2021\/08\/2018raku22.jpg 720w, https:\/\/art-mu.fr\/wp-content\/uploads\/2021\/08\/2018raku22-225x300.jpg 225w\" sizes=\"(max-width: 720px) 100vw, 720px\" \/><\/a><\/figure><\/li><li class=\"blocks-gallery-item\"><figure><a href=\"https:\/\/art-mu.fr\/wp-content\/uploads\/2021\/08\/2018raku23.jpg\"><img loading=\"lazy\" decoding=\"async\" width=\"1024\" height=\"768\" src=\"https:\/\/art-mu.fr\/wp-content\/uploads\/2021\/08\/2018raku23-1024x768.jpg\" alt=\"\" data-id=\"1974\" data-full-url=\"https:\/\/art-mu.fr\/wp-content\/uploads\/2021\/08\/2018raku23.jpg\" data-link=\"https:\/\/art-mu.fr\/?attachment_id=1974\" class=\"wp-image-1974\" srcset=\"https:\/\/art-mu.fr\/wp-content\/uploads\/2021\/08\/2018raku23-1024x768.jpg 1024w, https:\/\/art-mu.fr\/wp-content\/uploads\/2021\/08\/2018raku23-300x225.jpg 300w, https:\/\/art-mu.fr\/wp-content\/uploads\/2021\/08\/2018raku23-768x576.jpg 768w, https:\/\/art-mu.fr\/wp-content\/uploads\/2021\/08\/2018raku23.jpg 1280w\" sizes=\"(max-width: 1024px) 100vw, 1024px\" \/><\/a><\/figure><\/li><li class=\"blocks-gallery-item\"><figure><a href=\"https:\/\/art-mu.fr\/wp-content\/uploads\/2021\/08\/2018raku24.jpg\"><img loading=\"lazy\" decoding=\"async\" width=\"1024\" height=\"768\" src=\"https:\/\/art-mu.fr\/wp-content\/uploads\/2021\/08\/2018raku24-1024x768.jpg\" alt=\"\" data-id=\"1975\" data-full-url=\"https:\/\/art-mu.fr\/wp-content\/uploads\/2021\/08\/2018raku24.jpg\" data-link=\"https:\/\/art-mu.fr\/?attachment_id=1975\" class=\"wp-image-1975\" srcset=\"https:\/\/art-mu.fr\/wp-content\/uploads\/2021\/08\/2018raku24-1024x768.jpg 1024w, https:\/\/art-mu.fr\/wp-content\/uploads\/2021\/08\/2018raku24-300x225.jpg 300w, https:\/\/art-mu.fr\/wp-content\/uploads\/2021\/08\/2018raku24-768x576.jpg 768w, https:\/\/art-mu.fr\/wp-content\/uploads\/2021\/08\/2018raku24.jpg 1280w\" sizes=\"(max-width: 1024px) 100vw, 1024px\" \/><\/a><\/figure><\/li><li class=\"blocks-gallery-item\"><figure><a href=\"https:\/\/art-mu.fr\/wp-content\/uploads\/2021\/08\/2018raku98.jpg\"><img loading=\"lazy\" decoding=\"async\" width=\"1024\" height=\"768\" src=\"https:\/\/art-mu.fr\/wp-content\/uploads\/2021\/08\/2018raku98-1024x768.jpg\" alt=\"\" data-id=\"1976\" data-full-url=\"https:\/\/art-mu.fr\/wp-content\/uploads\/2021\/08\/2018raku98.jpg\" data-link=\"https:\/\/art-mu.fr\/?attachment_id=1976\" class=\"wp-image-1976\" srcset=\"https:\/\/art-mu.fr\/wp-content\/uploads\/2021\/08\/2018raku98-1024x768.jpg 1024w, https:\/\/art-mu.fr\/wp-content\/uploads\/2021\/08\/2018raku98-300x225.jpg 300w, https:\/\/art-mu.fr\/wp-content\/uploads\/2021\/08\/2018raku98-768x576.jpg 768w, https:\/\/art-mu.fr\/wp-content\/uploads\/2021\/08\/2018raku98.jpg 1280w\" sizes=\"(max-width: 1024px) 100vw, 1024px\" \/><\/a><\/figure><\/li><li class=\"blocks-gallery-item\"><figure><a href=\"https:\/\/art-mu.fr\/wp-content\/uploads\/2021\/08\/2018raku99.jpg\"><img loading=\"lazy\" decoding=\"async\" width=\"1024\" height=\"708\" src=\"https:\/\/art-mu.fr\/wp-content\/uploads\/2021\/08\/2018raku99-1024x708.jpg\" alt=\"\" data-id=\"1977\" data-full-url=\"https:\/\/art-mu.fr\/wp-content\/uploads\/2021\/08\/2018raku99.jpg\" data-link=\"https:\/\/art-mu.fr\/?attachment_id=1977\" class=\"wp-image-1977\" srcset=\"https:\/\/art-mu.fr\/wp-content\/uploads\/2021\/08\/2018raku99-1024x708.jpg 1024w, https:\/\/art-mu.fr\/wp-content\/uploads\/2021\/08\/2018raku99-300x207.jpg 300w, https:\/\/art-mu.fr\/wp-content\/uploads\/2021\/08\/2018raku99-768x531.jpg 768w, https:\/\/art-mu.fr\/wp-content\/uploads\/2021\/08\/2018raku99.jpg 1280w\" sizes=\"(max-width: 1024px) 100vw, 1024px\" \/><\/a><\/figure><\/li><\/ul><\/figure>\n\n\n\n<div class=\"wp-block-buttons is-content-justification-center is-layout-flex wp-block-buttons-is-layout-flex\">\n<div class=\"wp-block-button is-style-outline is-style-outline--2\"><a class=\"wp-block-button__link has-blue-color has-light-gray-background-color has-text-color has-background\" href=\"#\">Retour au haut de page<\/a><\/div>\n<\/div>\n","protected":false},"excerpt":{"rendered":"<p>Retour \u00e0 Lorry-l\u00e8s-Metz pour cette troisi\u00e8me journ\u00e9e de cuisson raku, toujours sous la houlette de Jacques Bena, ma\u00eetre de l&rsquo;\u00e9maillage, de la cuisson et de l&rsquo;enfumage des pi\u00e8ces permettant de leur donner ces fameuses craquelures fum\u00e9es de noir. 13 participants autour du four mais \u00e9galement autour de la table \u00e0 midi pour un repas partag\u00e9.<\/p>\n","protected":false},"author":3,"featured_media":0,"parent":597,"menu_order":3,"comment_status":"closed","ping_status":"closed","template":"","meta":{"footnotes":""},"class_list":["post-1953","page","type-page","status-publish","hentry"],"_links":{"self":[{"href":"https:\/\/art-mu.fr\/index.php?rest_route=\/wp\/v2\/pages\/1953","targetHints":{"allow":["GET"]}}],"collection":[{"href":"https:\/\/art-mu.fr\/index.php?rest_route=\/wp\/v2\/pages"}],"about":[{"href":"https:\/\/art-mu.fr\/index.php?rest_route=\/wp\/v2\/types\/page"}],"author":[{"embeddable":true,"href":"https:\/\/art-mu.fr\/index.php?rest_route=\/wp\/v2\/users\/3"}],"replies":[{"embeddable":true,"href":"https:\/\/art-mu.fr\/index.php?rest_route=%2Fwp%2Fv2%2Fcomments&post=1953"}],"version-history":[{"count":3,"href":"https:\/\/art-mu.fr\/index.php?rest_route=\/wp\/v2\/pages\/1953\/revisions"}],"predecessor-version":[{"id":2622,"href":"https:\/\/art-mu.fr\/index.php?rest_route=\/wp\/v2\/pages\/1953\/revisions\/2622"}],"up":[{"embeddable":true,"href":"https:\/\/art-mu.fr\/index.php?rest_route=\/wp\/v2\/pages\/597"}],"wp:attachment":[{"href":"https:\/\/art-mu.fr\/index.php?rest_route=%2Fwp%2Fv2%2Fmedia&parent=1953"}],"curies":[{"name":"wp","href":"https:\/\/api.w.org\/{rel}","templated":true}]}}