{"id":109,"date":"2021-08-12T08:47:59","date_gmt":"2021-08-12T06:47:59","guid":{"rendered":"https:\/\/art-mu.fr\/?page_id=109"},"modified":"2023-09-09T19:29:15","modified_gmt":"2023-09-09T17:29:15","slug":"atelier-peinture-libre-du-jeudi","status":"publish","type":"page","link":"https:\/\/art-mu.fr\/?page_id=109","title":{"rendered":"Atelier peinture libre du jeudi"},"content":{"rendered":"\n<p><\/p>\n\n\n\n<p><\/p>\n\n\n\n<p>Cet atelier a pris fin d\u00e9but 2023, pour des raisons de disponibilit\u00e9 de l&rsquo;animatrice et de faible fr\u00e9quentation. Il permettait celles et ceux qui souhaitaient venir y travailler peinture, aquarelle, dessin et autres techniques graphiques, en toute libert\u00e9 et autonomie (sans professeur ni consignes), ce qui n&#8217;emp\u00eache pas les \u00e9changes et la cr\u00e9ation d&rsquo;une dynamique cr\u00e9ative.<\/p>\n\n\n\n<figure class=\"wp-block-gallery has-nested-images columns-default wp-block-gallery-1 is-layout-flex wp-block-gallery-is-layout-flex\">\n<figure class=\"wp-block-image size-full\"><a href=\"https:\/\/art-mu.fr\/wp-content\/uploads\/2023\/08\/2023peinturelibre_redim.jpg\"><img fetchpriority=\"high\" decoding=\"async\" width=\"774\" height=\"1000\" data-id=\"5277\" src=\"https:\/\/art-mu.fr\/wp-content\/uploads\/2023\/08\/2023peinturelibre_redim.jpg\" alt=\"\" class=\"wp-image-5277\" srcset=\"https:\/\/art-mu.fr\/wp-content\/uploads\/2023\/08\/2023peinturelibre_redim.jpg 774w, https:\/\/art-mu.fr\/wp-content\/uploads\/2023\/08\/2023peinturelibre_redim-232x300.jpg 232w, https:\/\/art-mu.fr\/wp-content\/uploads\/2023\/08\/2023peinturelibre_redim-768x992.jpg 768w\" sizes=\"(max-width: 774px) 100vw, 774px\" \/><\/a><\/figure>\n<\/figure>\n\n\n\n<p class=\"has-text-align-center\"><em>Peinture de Laurence<\/em><\/p>\n\n\n\n<p><\/p>\n\n\n\n<p><\/p>\n\n\n\n<div class=\"wp-block-buttons is-content-justification-center is-layout-flex wp-block-buttons-is-layout-flex\">\n<div class=\"wp-block-button is-style-outline is-style-outline--2\"><a class=\"wp-block-button__link has-blue-color has-light-gray-background-color has-text-color has-background\" href=\"#\">Retour au haut de page<\/a><\/div>\n<\/div>\n","protected":false},"excerpt":{"rendered":"<p>Cet atelier a pris fin d\u00e9but 2023, pour des raisons de disponibilit\u00e9 de l&rsquo;animatrice et de faible fr\u00e9quentation. Il permettait celles et ceux qui souhaitaient venir y travailler peinture, aquarelle, dessin et autres techniques graphiques, en toute libert\u00e9 et autonomie (sans professeur ni consignes), ce qui n&#8217;emp\u00eache pas les \u00e9changes et la cr\u00e9ation d&rsquo;une dynamique [&hellip;]<\/p>\n","protected":false},"author":3,"featured_media":0,"parent":25,"menu_order":3,"comment_status":"closed","ping_status":"closed","template":"","meta":{"footnotes":""},"class_list":["post-109","page","type-page","status-publish","hentry"],"_links":{"self":[{"href":"https:\/\/art-mu.fr\/index.php?rest_route=\/wp\/v2\/pages\/109","targetHints":{"allow":["GET"]}}],"collection":[{"href":"https:\/\/art-mu.fr\/index.php?rest_route=\/wp\/v2\/pages"}],"about":[{"href":"https:\/\/art-mu.fr\/index.php?rest_route=\/wp\/v2\/types\/page"}],"author":[{"embeddable":true,"href":"https:\/\/art-mu.fr\/index.php?rest_route=\/wp\/v2\/users\/3"}],"replies":[{"embeddable":true,"href":"https:\/\/art-mu.fr\/index.php?rest_route=%2Fwp%2Fv2%2Fcomments&post=109"}],"version-history":[{"count":10,"href":"https:\/\/art-mu.fr\/index.php?rest_route=\/wp\/v2\/pages\/109\/revisions"}],"predecessor-version":[{"id":5311,"href":"https:\/\/art-mu.fr\/index.php?rest_route=\/wp\/v2\/pages\/109\/revisions\/5311"}],"up":[{"embeddable":true,"href":"https:\/\/art-mu.fr\/index.php?rest_route=\/wp\/v2\/pages\/25"}],"wp:attachment":[{"href":"https:\/\/art-mu.fr\/index.php?rest_route=%2Fwp%2Fv2%2Fmedia&parent=109"}],"curies":[{"name":"wp","href":"https:\/\/api.w.org\/{rel}","templated":true}]}}

<p></p>



<p></p>



<p>Cet atelier a pris fin début 2023, pour des raisons de disponibilité de l&rsquo;animatrice et de faible fréquentation. Il permettait celles et ceux qui souhaitaient venir y travailler peinture, aquarelle, dessin et autres techniques graphiques, en toute liberté et autonomie (sans professeur ni consignes), ce qui n&#8217;empêche pas les échanges et la création d&rsquo;une dynamique créative.</p>



<figure class="wp-block-gallery has-nested-images columns-default wp-block-gallery-1 is-layout-flex wp-block-gallery-is-layout-flex">
<figure class="wp-block-image size-full"><a href="https://art-mu.fr/wp-content/uploads/2023/08/2023peinturelibre_redim.jpg"><img fetchpriority="high" decoding="async" width="774" height="1000" data-id="5277" src="https://art-mu.fr/wp-content/uploads/2023/08/2023peinturelibre_redim.jpg" alt="" class="wp-image-5277" srcset="https://art-mu.fr/wp-content/uploads/2023/08/2023peinturelibre_redim.jpg 774w, https://art-mu.fr/wp-content/uploads/2023/08/2023peinturelibre_redim-232x300.jpg 232w, https://art-mu.fr/wp-content/uploads/2023/08/2023peinturelibre_redim-768x992.jpg 768w" sizes="(max-width: 774px) 100vw, 774px" /></a></figure>
</figure>



<p class="has-text-align-center"><em>Peinture de Laurence</em></p>



<p></p>



<p></p>



<div class="wp-block-buttons is-content-justification-center is-layout-flex wp-block-buttons-is-layout-flex">
<div class="wp-block-button is-style-outline is-style-outline--2"><a class="wp-block-button__link has-blue-color has-light-gray-background-color has-text-color has-background" href="#">Retour au haut de page</a></div>
</div>

<p>Cet atelier a pris fin début 2023, pour des raisons de disponibilité de l&rsquo;animatrice et de faible fréquentation. Il permettait celles et ceux qui souhaitaient venir y travailler peinture, aquarelle, dessin et autres techniques graphiques, en toute liberté et autonomie (sans professeur ni consignes), ce qui n&#8217;empêche pas les échanges et la création d&rsquo;une dynamique [&hellip;]</p>
